{"id":247593,"date":"2021-05-23T18:06:27","date_gmt":"2021-05-23T16:06:27","guid":{"rendered":"https:\/\/mentta.fastdelivery.es\/?post_type=product&#038;p=247593"},"modified":"2026-03-10T17:23:46","modified_gmt":"2026-03-10T16:23:46","slug":"cesta-de-verduras-y-hortalizas","status":"publish","type":"product","link":"https:\/\/mentta.fastdelivery.es\/index.php\/producto\/cesta-de-verduras-y-hortalizas\/","title":{"rendered":"CESTA DE VERDURAS Y HORTALIZAS"},"content":{"rendered":"<p class=\"p1\"><span class=\"s1\">Compuesto por:<\/span><\/p>\n<ul class=\"ul1\">\n<li class=\"li2\"><span class=\"s2\">1 kilo zanahorias.<\/span><\/li>\n<li class=\"li2\"><span class=\"s2\">1 manojo cebolletas.<\/span><\/li>\n<li class=\"li2\"><span class=\"s2\">1 kilo cebolla.<\/span><\/li>\n<li class=\"li2\"><span class=\"s2\">2 unidades berenjena.<\/span><\/li>\n<li class=\"li2\"><span class=\"s2\">1 kilo pepinos.<\/span><\/li>\n<li class=\"li2\"><span class=\"s2\">2 unidades calabac\u00edn.<\/span><\/li>\n<li class=\"li2\"><span class=\"s2\">1 kilo tomate ensalada.<\/span><\/li>\n<li class=\"li2\"><span class=\"s2\">1 kilo tomate pera.<\/span><\/li>\n<li>0,500 gramos pimiento verde italiano.<\/li>\n<li class=\"li2\"><span class=\"s2\">0,250 gramos ajo.<\/span><\/li>\n<li class=\"li2\"><span class=\"s2\">Bandeja champi\u00f1ones 300 gramos.<\/span><\/li>\n<li>3 kilos patatas.<\/li>\n<\/ul>\n<p>Como los productos var\u00edan puede que la foto no refleje el contenido real de la cesta.<br \/>\nCon este tipo de caja queremos ofrecerle una manera f\u00e1cil de realizar sus pedidos, r\u00e1pida y c\u00f3modamente.<br \/>\nSi tiene alguna sugerencia respecto a alg\u00fan tipo de caja que desear\u00eda que tengamos disponible utilice el formulario de contacto y realice su comentario. Estaremos encantados de poder mejorar nuestras cestas.<\/p>\n","protected":false},"excerpt":{"rendered":"<p>Precio por cesta. Peso aproximado 15 kilos.<\/p>\n","protected":false},"featured_media":247594,"comment_status":"open","ping_status":"closed","template":"","meta":[],"product_brand":[],"product_cat":[20],"product_tag":[],"class_list":{"0":"post-247593","1":"product","2":"type-product","3":"status-publish","4":"has-post-thumbnail","6":"product_cat-cestas","8":"first","9":"instock","10":"shipping-taxable","11":"purchasable","12":"product-type-simple"},"_links":{"self":[{"href":"https:\/\/mentta.fastdelivery.es\/index.php\/wp-json\/wp\/v2\/product\/247593","targetHints":{"allow":["GET"]}}],"collection":[{"href":"https:\/\/mentta.fastdelivery.es\/index.php\/wp-json\/wp\/v2\/product"}],"about":[{"href":"https:\/\/mentta.fastdelivery.es\/index.php\/wp-json\/wp\/v2\/types\/product"}],"replies":[{"embeddable":true,"href":"https:\/\/mentta.fastdelivery.es\/index.php\/wp-json\/wp\/v2\/comments?post=247593"}],"wp:featuredmedia":[{"embeddable":true,"href":"https:\/\/mentta.fastdelivery.es\/index.php\/wp-json\/wp\/v2\/media\/247594"}],"wp:attachment":[{"href":"https:\/\/mentta.fastdelivery.es\/index.php\/wp-json\/wp\/v2\/media?parent=247593"}],"wp:term":[{"taxonomy":"product_brand","embeddable":true,"href":"https:\/\/mentta.fastdelivery.es\/index.php\/wp-json\/wp\/v2\/product_brand?post=247593"},{"taxonomy":"product_cat","embeddable":true,"href":"https:\/\/mentta.fastdelivery.es\/index.php\/wp-json\/wp\/v2\/product_cat?post=247593"},{"taxonomy":"product_tag","embeddable":true,"href":"https:\/\/mentta.fastdelivery.es\/index.php\/wp-json\/wp\/v2\/product_tag?post=247593"}],"curies":[{"name":"wp","href":"https:\/\/api.w.org\/{rel}","templated":true}]}}