{"id":247709,"date":"2022-11-17T12:38:54","date_gmt":"2022-11-17T11:38:54","guid":{"rendered":"https:\/\/mentta.fastdelivery.es\/?post_type=product&#038;p=247709"},"modified":"2026-03-10T17:23:45","modified_gmt":"2026-03-10T16:23:45","slug":"cana-de-azucar","status":"publish","type":"product","link":"https:\/\/mentta.fastdelivery.es\/index.php\/producto\/cana-de-azucar\/","title":{"rendered":"CA\u00d1A DE AZUCAR"},"content":{"rendered":"<p><span class=\"ILfuVd\"><span class=\"hgKElc\">La ca\u00f1a de az\u00facar\u00a0<\/span><\/span>suministra sacarosa para az\u00facar blanco o moreno. Se cultiva principalmente para la producci\u00f3n de az\u00facar, aunque tambi\u00e9n se convierte en materia prima para la fabricaci\u00f3n de papel, cemento, abonos y alimento animal, con ella se pueden producir\u00a0<strong>bebidas alcoh\u00f3licas<\/strong>\u00a0destiladas<\/p>\n","protected":false},"excerpt":{"rendered":"<p>Precio por Kilo.<\/p>\n","protected":false},"featured_media":246266,"comment_status":"closed","ping_status":"closed","template":"","meta":[],"product_brand":[],"product_cat":[36],"product_tag":[],"class_list":{"0":"post-247709","1":"product","2":"type-product","3":"status-publish","4":"has-post-thumbnail","6":"product_cat-mexico","8":"first","9":"instock","10":"shipping-taxable","11":"purchasable","12":"product-type-simple"},"_links":{"self":[{"href":"https:\/\/mentta.fastdelivery.es\/index.php\/wp-json\/wp\/v2\/product\/247709","targetHints":{"allow":["GET"]}}],"collection":[{"href":"https:\/\/mentta.fastdelivery.es\/index.php\/wp-json\/wp\/v2\/product"}],"about":[{"href":"https:\/\/mentta.fastdelivery.es\/index.php\/wp-json\/wp\/v2\/types\/product"}],"replies":[{"embeddable":true,"href":"https:\/\/mentta.fastdelivery.es\/index.php\/wp-json\/wp\/v2\/comments?post=247709"}],"wp:featuredmedia":[{"embeddable":true,"href":"https:\/\/mentta.fastdelivery.es\/index.php\/wp-json\/wp\/v2\/media\/246266"}],"wp:attachment":[{"href":"https:\/\/mentta.fastdelivery.es\/index.php\/wp-json\/wp\/v2\/media?parent=247709"}],"wp:term":[{"taxonomy":"product_brand","embeddable":true,"href":"https:\/\/mentta.fastdelivery.es\/index.php\/wp-json\/wp\/v2\/product_brand?post=247709"},{"taxonomy":"product_cat","embeddable":true,"href":"https:\/\/mentta.fastdelivery.es\/index.php\/wp-json\/wp\/v2\/product_cat?post=247709"},{"taxonomy":"product_tag","embeddable":true,"href":"https:\/\/mentta.fastdelivery.es\/index.php\/wp-json\/wp\/v2\/product_tag?post=247709"}],"curies":[{"name":"wp","href":"https:\/\/api.w.org\/{rel}","templated":true}]}}