{"id":247875,"date":"2024-04-25T10:06:44","date_gmt":"2024-04-25T08:06:44","guid":{"rendered":"https:\/\/mentta.fastdelivery.es\/?post_type=product&#038;p=247875"},"modified":"2026-03-10T17:19:49","modified_gmt":"2026-03-10T16:19:49","slug":"vitamina-d3-4000ui-60-capsulas","status":"publish","type":"product","link":"https:\/\/mentta.fastdelivery.es\/index.php\/producto\/vitamina-d3-4000ui-60-capsulas\/","title":{"rendered":"Vitamina D3 4000ui (60 c\u00e1psulas)"},"content":{"rendered":"<p>DEFENSAS Y HUESOS. La Vitamina D es necesaria para el crecimiento y el desarrollo normal de sus huesos y contribuye al buen funcionamiento de su sistema inmunol\u00f3gico.<\/p>\n<p><strong>PRESENTACI\u00d3N<\/strong><\/p>\n<p>60 c\u00e1psulas vegetales.<\/p>\n<p><strong>INGREDIENTES<\/strong><\/p>\n<p><strong>Por c\u00e1psula:<\/strong>\u00a0Vitamina D3 (Colecalciferol): 40 mg<\/p>\n<p><strong>TABLA INGREDIENTES<\/strong><\/p>\n<p><b>Cantidad por d\u00eda (1 c\u00e1psula):<\/b><b>\u00a0<\/b>Vitamina D3 (100 \u03bcg).<\/p>\n<p><strong>MODO DE EMPLEO<\/strong><\/p>\n<p>Tomar 1 c\u00e1psula al d\u00eda.<\/p>\n<p><strong>CONTRAINDICACIONES<\/strong><\/p>\n<p>&#8211;<\/p>\n<p><strong>PRECAUCIONES<\/strong><\/p>\n<p>&#8211;<\/p>\n<p><strong>AL\u00c9RGENOS<\/strong><\/p>\n<p>Sin gluten.<\/p>\n","protected":false},"excerpt":{"rendered":"<p>DEFENSAS Y HUESOS. La Vitamina D es necesaria para el crecimiento y el desarrollo normal de sus huesos y contribuye al buen funcionamiento de su sistema inmunol\u00f3gico. PRESENTACI\u00d3N 60 c\u00e1psulas vegetales. INGREDIENTES Por c\u00e1psula:\u00a0Vitamina D3 (Colecalciferol): 40 mg TABLA INGREDIENTES Cantidad por d\u00eda (1 c\u00e1psula):\u00a0Vitamina D3 (100 \u03bcg). MODO DE EMPLEO Tomar 1 c\u00e1psula al [&hellip;]<\/p>\n","protected":false},"featured_media":246550,"comment_status":"closed","ping_status":"closed","template":"","meta":[],"product_brand":[],"product_cat":[40],"product_tag":[],"class_list":{"0":"post-247875","1":"product","2":"type-product","3":"status-publish","4":"has-post-thumbnail","6":"product_cat-dietetica-adelganzantes","8":"first","9":"instock","10":"shipping-taxable","11":"purchasable","12":"product-type-simple"},"_links":{"self":[{"href":"https:\/\/mentta.fastdelivery.es\/index.php\/wp-json\/wp\/v2\/product\/247875","targetHints":{"allow":["GET"]}}],"collection":[{"href":"https:\/\/mentta.fastdelivery.es\/index.php\/wp-json\/wp\/v2\/product"}],"about":[{"href":"https:\/\/mentta.fastdelivery.es\/index.php\/wp-json\/wp\/v2\/types\/product"}],"replies":[{"embeddable":true,"href":"https:\/\/mentta.fastdelivery.es\/index.php\/wp-json\/wp\/v2\/comments?post=247875"}],"wp:featuredmedia":[{"embeddable":true,"href":"https:\/\/mentta.fastdelivery.es\/index.php\/wp-json\/wp\/v2\/media\/246550"}],"wp:attachment":[{"href":"https:\/\/mentta.fastdelivery.es\/index.php\/wp-json\/wp\/v2\/media?parent=247875"}],"wp:term":[{"taxonomy":"product_brand","embeddable":true,"href":"https:\/\/mentta.fastdelivery.es\/index.php\/wp-json\/wp\/v2\/product_brand?post=247875"},{"taxonomy":"product_cat","embeddable":true,"href":"https:\/\/mentta.fastdelivery.es\/index.php\/wp-json\/wp\/v2\/product_cat?post=247875"},{"taxonomy":"product_tag","embeddable":true,"href":"https:\/\/mentta.fastdelivery.es\/index.php\/wp-json\/wp\/v2\/product_tag?post=247875"}],"curies":[{"name":"wp","href":"https:\/\/api.w.org\/{rel}","templated":true}]}}