{"id":247882,"date":"2024-04-25T11:34:55","date_gmt":"2024-04-25T09:34:55","guid":{"rendered":"https:\/\/mentta.fastdelivery.es\/?post_type=product&#038;p=247882"},"modified":"2026-03-10T17:19:49","modified_gmt":"2026-03-10T16:19:49","slug":"colageno-con-cannabis-30-sobres-zentrum","status":"publish","type":"product","link":"https:\/\/mentta.fastdelivery.es\/index.php\/producto\/colageno-con-cannabis-30-sobres-zentrum\/","title":{"rendered":"Col\u00e1geno con cannabis (30 sobres) Zentrum"},"content":{"rendered":"<p>SALUD \u00d3SEO ARTICULAR: La Vitamina C contribuye a la formaci\u00f3n del col\u00e1geno para el funcionamiento normal de los huesos y cart\u00edlagos. El Magnesio contribuye al funcionamiento de los m\u00fasculos y al mantenimiento de los huesos en condiciones normales. El Sistema \u00d3seo-Articular es uno de los que m\u00e1s se deteriora por su continuo uso diario. Est\u00e1 compuesto principalmente por col\u00e1geno, \u00e1cido hialur\u00f3nico y glucosamina, sustancias que aportan estructura, resistencia y elasticidad. Para la protecci\u00f3n y prevenci\u00f3n del deterioro de huesos, cart\u00edlagos y articulaciones lanzamos un nuevo complemento, el Col\u00e1geno de la gama Zentrum Cannabis, que contiene ingredientes conocidos fundamentalmente por contribuir a cuidar la salud \u00f3seo &#8211; articular: &#8211; Col\u00e1geno hidrolizado. &#8211; Glucosaminas. &#8211; \u00c1cido Hialur\u00f3nico. &#8211; Para completar la f\u00f3rmula se han a\u00f1adido componentes como la C\u00farcuma, ra\u00edz y el c\u00e1\u00f1amo, que complementa su acci\u00f3n. &#8211; Por \u00faltimo, se ha incluido vitamina C y magnesio.<\/p>\n<p><strong>PRESENTACI\u00d3N<\/strong><\/p>\n<p>30 sobres.<\/p>\n<p><strong>INGREDIENTES<\/strong><\/p>\n<p>Col\u00e1geno hidrolizado, Magnesio (Carbonato de magnesio), Glucosamina vegetal (Glucosamina HCl), Aroma (Pi\u00f1a), Acidulante (\u00c1cido c\u00edtrico anhidro), Semillas de C\u00e1\u00f1amo en polvo (Cannabis sativa, semilla) (32% de prote\u00edna), C\u00farcuma extracto seco (Curcuma longa L., rizoma), Vitamina C (Ascorbato s\u00f3dico), Aroma (Coco), Hialuronato s\u00f3dico, Edulcorante (Sucralosa).<\/p>\n<p><strong>TABLA INGREDIENTES<\/strong><\/p>\n<p><b>Cantidad por d\u00eda (1 sobre de 12 g):<\/b><b>\u00a0<\/b>Col\u00e1geno hidrolizado (10 g), Magnesio (150 mg), Glucosamina HCl vegetal (500 mg), Semillas de c\u00e1\u00f1amo en polvo (50 mg), C\u00farcuma extracto seco (50 mg), Curcumina (95%) (47.5 mg), Vitamina C (32 mg), Hialuronato s\u00f3dico (25 mg).<\/p>\n<p><strong>MODO DE EMPLEO<\/strong><\/p>\n<p>Tomar 1 sobre al d\u00eda en un vaso de agua o zumo (250 ml). No debe ser consumido por mujeres embarazadas o en periodo de lactancia, ni por ni\u00f1os ni por adolescentes ni menores de 18 a\u00f1os.<\/p>\n<p><strong>CONTRAINDICACIONES<\/strong><\/p>\n<p>&#8211;<\/p>\n<p><strong>PRECAUCIONES<\/strong><\/p>\n<p>&#8211;<\/p>\n<p><strong>AL\u00c9RGENOS<\/strong><\/p>\n<p>Puede contener trazas de soja, mostaza y altramuces.<\/p>\n","protected":false},"excerpt":{"rendered":"<p>SALUD \u00d3SEO ARTICULAR: La Vitamina C contribuye a la formaci\u00f3n del col\u00e1geno para el funcionamiento normal de los huesos y cart\u00edlagos. El Magnesio contribuye al funcionamiento de los m\u00fasculos y al mantenimiento de los huesos en condiciones normales. El Sistema \u00d3seo-Articular es uno de los que m\u00e1s se deteriora por su continuo uso diario. Est\u00e1 [&hellip;]<\/p>\n","protected":false},"featured_media":246560,"comment_status":"closed","ping_status":"closed","template":"","meta":[],"product_brand":[],"product_cat":[40],"product_tag":[],"class_list":{"0":"post-247882","1":"product","2":"type-product","3":"status-publish","4":"has-post-thumbnail","6":"product_cat-dietetica-adelganzantes","8":"first","9":"instock","10":"shipping-taxable","11":"purchasable","12":"product-type-simple"},"_links":{"self":[{"href":"https:\/\/mentta.fastdelivery.es\/index.php\/wp-json\/wp\/v2\/product\/247882","targetHints":{"allow":["GET"]}}],"collection":[{"href":"https:\/\/mentta.fastdelivery.es\/index.php\/wp-json\/wp\/v2\/product"}],"about":[{"href":"https:\/\/mentta.fastdelivery.es\/index.php\/wp-json\/wp\/v2\/types\/product"}],"replies":[{"embeddable":true,"href":"https:\/\/mentta.fastdelivery.es\/index.php\/wp-json\/wp\/v2\/comments?post=247882"}],"wp:featuredmedia":[{"embeddable":true,"href":"https:\/\/mentta.fastdelivery.es\/index.php\/wp-json\/wp\/v2\/media\/246560"}],"wp:attachment":[{"href":"https:\/\/mentta.fastdelivery.es\/index.php\/wp-json\/wp\/v2\/media?parent=247882"}],"wp:term":[{"taxonomy":"product_brand","embeddable":true,"href":"https:\/\/mentta.fastdelivery.es\/index.php\/wp-json\/wp\/v2\/product_brand?post=247882"},{"taxonomy":"product_cat","embeddable":true,"href":"https:\/\/mentta.fastdelivery.es\/index.php\/wp-json\/wp\/v2\/product_cat?post=247882"},{"taxonomy":"product_tag","embeddable":true,"href":"https:\/\/mentta.fastdelivery.es\/index.php\/wp-json\/wp\/v2\/product_tag?post=247882"}],"curies":[{"name":"wp","href":"https:\/\/api.w.org\/{rel}","templated":true}]}}