{"id":247883,"date":"2024-04-25T11:35:56","date_gmt":"2024-04-25T09:35:56","guid":{"rendered":"https:\/\/mentta.fastdelivery.es\/?post_type=product&#038;p=247883"},"modified":"2026-03-10T17:19:49","modified_gmt":"2026-03-10T16:19:49","slug":"colageno-hidrolizado-marino-300-capsulas-zentrum","status":"publish","type":"product","link":"https:\/\/mentta.fastdelivery.es\/index.php\/producto\/colageno-hidrolizado-marino-300-capsulas-zentrum\/","title":{"rendered":"Col\u00e1geno hidrolizado marino (300 c\u00e1psulas) Zentrum"},"content":{"rendered":"<p>\u00d3SEO ARTICULAR. La Vitamina C contribuye a la formaci\u00f3n del col\u00e1geno para el funcionamiento normal de huesos y cart\u00edlagos, mientras que el Magnesio y la Vitamina D contribuyen al mantenimiento de los huesos en condiciones normales y al funcionamiento normal de los m\u00fasculos. La Vitamina C y el Magnesio ayudan a disminuir el cansancio y la fatiga.<\/p>\n<p><strong>PRESENTACI\u00d3N<\/strong><\/p>\n<p>300 comprimidos.<\/p>\n<p><strong>INGREDIENTES<\/strong><\/p>\n<p>Por comprimido: Col\u00e1geno hidrolizado marino (<b>pescado<\/b>): 600 mg, Calcio (Carbonato C\u00e1lcico): 59 mg, Magnesio (\u00d3xido de Magnesio): 53 mg, Vitamina C (\u00c1cido L-Asc\u00f3rbico): 10 mg, Aroma Vainilla, Bamb\u00fa extracto seco (<i>Bambusa arundinacea<\/i>, tallos y\/o brotes): 5 mg, Vitamina D-3 (Colecalciferol): 0,4 mg.<\/p>\n<p><strong>TABLA INGREDIENTES<\/strong><\/p>\n<p><b>Cantidad por d\u00eda (6 comprimidos):<\/b><b>\u00a0<\/b>Col\u00e1geno hidrolizado (3600 mg), Magnesio (190 mg), Calcio (141 mg), Vitamina C (60 mg), Bamb\u00fa (30 mg), Silicio org\u00e1nico (70%) (21 mg), Vitamina D (6,0 \u00b5g)<\/p>\n<p><strong>MODO DE EMPLEO<\/strong><\/p>\n<p>Tomar 6 comprimidos al d\u00eda. 2 comprimidos antes de las principales comidas (desayuno, comida y cena).<\/p>\n<p><strong>CONTRAINDICACIONES<\/strong><\/p>\n<p>No recomendado en personas al\u00e9rgicas al pescado.<\/p>\n<p><strong>PRECAUCIONES<\/strong><\/p>\n<p>&#8211;<\/p>\n<p><strong>AL\u00c9RGENOS<\/strong><\/p>\n<p>Sin gluten, con pescado.<\/p>\n","protected":false},"excerpt":{"rendered":"<p>\u00d3SEO ARTICULAR. La Vitamina C contribuye a la formaci\u00f3n del col\u00e1geno para el funcionamiento normal de huesos y cart\u00edlagos, mientras que el Magnesio y la Vitamina D contribuyen al mantenimiento de los huesos en condiciones normales y al funcionamiento normal de los m\u00fasculos. La Vitamina C y el Magnesio ayudan a disminuir el cansancio y [&hellip;]<\/p>\n","protected":false},"featured_media":246562,"comment_status":"closed","ping_status":"closed","template":"","meta":[],"product_brand":[],"product_cat":[40],"product_tag":[],"class_list":{"0":"post-247883","1":"product","2":"type-product","3":"status-publish","4":"has-post-thumbnail","6":"product_cat-dietetica-adelganzantes","8":"first","9":"instock","10":"shipping-taxable","11":"purchasable","12":"product-type-simple"},"_links":{"self":[{"href":"https:\/\/mentta.fastdelivery.es\/index.php\/wp-json\/wp\/v2\/product\/247883","targetHints":{"allow":["GET"]}}],"collection":[{"href":"https:\/\/mentta.fastdelivery.es\/index.php\/wp-json\/wp\/v2\/product"}],"about":[{"href":"https:\/\/mentta.fastdelivery.es\/index.php\/wp-json\/wp\/v2\/types\/product"}],"replies":[{"embeddable":true,"href":"https:\/\/mentta.fastdelivery.es\/index.php\/wp-json\/wp\/v2\/comments?post=247883"}],"wp:featuredmedia":[{"embeddable":true,"href":"https:\/\/mentta.fastdelivery.es\/index.php\/wp-json\/wp\/v2\/media\/246562"}],"wp:attachment":[{"href":"https:\/\/mentta.fastdelivery.es\/index.php\/wp-json\/wp\/v2\/media?parent=247883"}],"wp:term":[{"taxonomy":"product_brand","embeddable":true,"href":"https:\/\/mentta.fastdelivery.es\/index.php\/wp-json\/wp\/v2\/product_brand?post=247883"},{"taxonomy":"product_cat","embeddable":true,"href":"https:\/\/mentta.fastdelivery.es\/index.php\/wp-json\/wp\/v2\/product_cat?post=247883"},{"taxonomy":"product_tag","embeddable":true,"href":"https:\/\/mentta.fastdelivery.es\/index.php\/wp-json\/wp\/v2\/product_tag?post=247883"}],"curies":[{"name":"wp","href":"https:\/\/api.w.org\/{rel}","templated":true}]}}