{"id":247907,"date":"2024-06-16T16:08:58","date_gmt":"2024-06-16T14:08:58","guid":{"rendered":"https:\/\/mentta.fastdelivery.es\/?post_type=product&#038;p=247907"},"modified":"2026-03-10T17:19:49","modified_gmt":"2026-03-10T16:19:49","slug":"pollo-corral-entero-1-und-3-kg-aprox","status":"publish","type":"product","link":"https:\/\/mentta.fastdelivery.es\/index.php\/producto\/pollo-corral-entero-1-und-3-kg-aprox\/","title":{"rendered":"Pollo Corral Entero 1 und 3 Kg aprox."},"content":{"rendered":"<p><strong>Pollo de Corral<\/strong>\u00a0entero, un ave con todas las caracter\u00edsticas exigidas por aquellos consumidores que buscan lo natural. Un sabor puramente aut\u00e9ntico.<\/p>\n<p>Destacamos de esta pieza la firmeza de sus carnes por haber sido criado en semi-libertad, su peculiar y diferente sabor, todo ello debido la variedad de su alimentaci\u00f3n\u00a0basada principalmente en cereales como el ma\u00edz y otros productos naturales.<\/p>\n<p>Este pollo es algo m\u00e1s grande y de huesos m\u00e1s robustos que el pollo com\u00fan de carne blanca.<\/p>\n<p>Peso aproximado entre 2.5 &#8211; 3 kg.<\/p>\n<p>*En la preparaci\u00f3n de productos frescos puede existir una ligera variaci\u00f3n del precio final en funci\u00f3n del peso.<\/p>\n","protected":false},"excerpt":{"rendered":"<p>Pollo de Corral\u00a0entero, un ave con todas las caracter\u00edsticas exigidas por aquellos consumidores que buscan lo natural. Un sabor puramente aut\u00e9ntico. Destacamos de esta pieza la firmeza de sus carnes por haber sido criado en semi-libertad, su peculiar y diferente sabor, todo ello debido la variedad de su alimentaci\u00f3n\u00a0basada principalmente en cereales como el ma\u00edz [&hellip;]<\/p>\n","protected":false},"featured_media":246594,"comment_status":"closed","ping_status":"closed","template":"","meta":[],"product_brand":[],"product_cat":[47,49],"product_tag":[],"class_list":{"0":"post-247907","1":"product","2":"type-product","3":"status-publish","4":"has-post-thumbnail","6":"product_cat-carnes","7":"product_cat-pollo","9":"first","10":"instock","11":"shipping-taxable","12":"purchasable","13":"product-type-simple"},"_links":{"self":[{"href":"https:\/\/mentta.fastdelivery.es\/index.php\/wp-json\/wp\/v2\/product\/247907","targetHints":{"allow":["GET"]}}],"collection":[{"href":"https:\/\/mentta.fastdelivery.es\/index.php\/wp-json\/wp\/v2\/product"}],"about":[{"href":"https:\/\/mentta.fastdelivery.es\/index.php\/wp-json\/wp\/v2\/types\/product"}],"replies":[{"embeddable":true,"href":"https:\/\/mentta.fastdelivery.es\/index.php\/wp-json\/wp\/v2\/comments?post=247907"}],"wp:featuredmedia":[{"embeddable":true,"href":"https:\/\/mentta.fastdelivery.es\/index.php\/wp-json\/wp\/v2\/media\/246594"}],"wp:attachment":[{"href":"https:\/\/mentta.fastdelivery.es\/index.php\/wp-json\/wp\/v2\/media?parent=247907"}],"wp:term":[{"taxonomy":"product_brand","embeddable":true,"href":"https:\/\/mentta.fastdelivery.es\/index.php\/wp-json\/wp\/v2\/product_brand?post=247907"},{"taxonomy":"product_cat","embeddable":true,"href":"https:\/\/mentta.fastdelivery.es\/index.php\/wp-json\/wp\/v2\/product_cat?post=247907"},{"taxonomy":"product_tag","embeddable":true,"href":"https:\/\/mentta.fastdelivery.es\/index.php\/wp-json\/wp\/v2\/product_tag?post=247907"}],"curies":[{"name":"wp","href":"https:\/\/api.w.org\/{rel}","templated":true}]}}