{"id":247912,"date":"2024-06-16T16:13:35","date_gmt":"2024-06-16T14:13:35","guid":{"rendered":"https:\/\/mentta.fastdelivery.es\/?post_type=product&#038;p=247912"},"modified":"2026-04-08T21:42:44","modified_gmt":"2026-04-08T19:42:44","slug":"pollo-entero-fresco-2-kg-aprox","status":"publish","type":"product","link":"https:\/\/mentta.fastdelivery.es\/index.php\/producto\/pollo-entero-fresco-2-kg-aprox\/","title":{"rendered":"Pollo Entero Fresco 2 Kg aprox."},"content":{"rendered":"<p><strong>Pollo Entero Fresco<\/strong>\u00a0de gran calidad, una hermosa pieza lista para cocinar, meter al horno, o trocearla y congelar para ir consumiendo seg\u00fan tus necesidades.<\/p>\n<p>El Pollo contiene una\u00a0<strong>carne muy rica en prote\u00ednas<\/strong>. Aportando gran cantidad de vitaminas del grupo B al organismo.<\/p>\n<p>La carne de pollo reporta beneficios para la salud al ser baja en sodio, aporta hierro y calcio, y es muy rica en amino\u00e1cidos.<\/p>\n<p>Si se come sin piel,\u00a0<strong>el pollo<\/strong>\u00a0es un alimento bajo en colesterol.<\/p>\n<p>&nbsp;<\/p>\n<p>*Peso aprox del producto entre 1,5 y 2 Kg<\/p>\n<p>*En la preparaci\u00f3n de productos frescos puede existir una ligera variaci\u00f3n del precio final en funci\u00f3n del peso.<\/p>\n","protected":false},"excerpt":{"rendered":"<p>Pollo Entero Fresco\u00a0de gran calidad, una hermosa pieza lista para cocinar, meter al horno, o trocearla y congelar para ir consumiendo seg\u00fan tus necesidades. El Pollo contiene una\u00a0carne muy rica en prote\u00ednas. Aportando gran cantidad de vitaminas del grupo B al organismo. La carne de pollo reporta beneficios para la salud al ser baja en [&hellip;]<\/p>\n","protected":false},"featured_media":246600,"comment_status":"closed","ping_status":"closed","template":"","meta":[],"product_brand":[],"product_cat":[47,49],"product_tag":[],"class_list":{"0":"post-247912","1":"product","2":"type-product","3":"status-publish","4":"has-post-thumbnail","6":"product_cat-carnes","7":"product_cat-pollo","9":"first","10":"instock","11":"shipping-taxable","12":"purchasable","13":"product-type-simple"},"_links":{"self":[{"href":"https:\/\/mentta.fastdelivery.es\/index.php\/wp-json\/wp\/v2\/product\/247912","targetHints":{"allow":["GET"]}}],"collection":[{"href":"https:\/\/mentta.fastdelivery.es\/index.php\/wp-json\/wp\/v2\/product"}],"about":[{"href":"https:\/\/mentta.fastdelivery.es\/index.php\/wp-json\/wp\/v2\/types\/product"}],"replies":[{"embeddable":true,"href":"https:\/\/mentta.fastdelivery.es\/index.php\/wp-json\/wp\/v2\/comments?post=247912"}],"wp:featuredmedia":[{"embeddable":true,"href":"https:\/\/mentta.fastdelivery.es\/index.php\/wp-json\/wp\/v2\/media\/246600"}],"wp:attachment":[{"href":"https:\/\/mentta.fastdelivery.es\/index.php\/wp-json\/wp\/v2\/media?parent=247912"}],"wp:term":[{"taxonomy":"product_brand","embeddable":true,"href":"https:\/\/mentta.fastdelivery.es\/index.php\/wp-json\/wp\/v2\/product_brand?post=247912"},{"taxonomy":"product_cat","embeddable":true,"href":"https:\/\/mentta.fastdelivery.es\/index.php\/wp-json\/wp\/v2\/product_cat?post=247912"},{"taxonomy":"product_tag","embeddable":true,"href":"https:\/\/mentta.fastdelivery.es\/index.php\/wp-json\/wp\/v2\/product_tag?post=247912"}],"curies":[{"name":"wp","href":"https:\/\/api.w.org\/{rel}","templated":true}]}}