{"id":247926,"date":"2024-06-16T16:30:07","date_gmt":"2024-06-16T14:30:07","guid":{"rendered":"https:\/\/mentta.fastdelivery.es\/?post_type=product&#038;p=247926"},"modified":"2026-03-10T17:19:49","modified_gmt":"2026-03-10T16:19:49","slug":"cinta-lomo-adobada-porcionada-600-gr-aprox","status":"publish","type":"product","link":"https:\/\/mentta.fastdelivery.es\/index.php\/producto\/cinta-lomo-adobada-porcionada-600-gr-aprox\/","title":{"rendered":"Cinta Lomo Adobada Porcionada 600 gr aprox."},"content":{"rendered":"<p>La\u00a0<strong>Cinta de Lomo Adobada de Cerdo Duroc<\/strong>\u00a0es una carne blanca, con una comedida infiltraci\u00f3n de grasa, siendo \u00e9sta muy gustosa y sabrosa.<\/p>\n<p>Su preparaci\u00f3n consta de\u00a0la pieza entera del lomo con un adobo compuesto por piment\u00f3n, ofreciendo ese caracter\u00edstico tono rojizo, adem\u00e1s de aceite de oliva, sal y or\u00e9gano.<\/p>\n<p>Es una carne de f\u00e1cil masticado, y pocas calor\u00edas, por lo que resulta ideal para la dieta de los ni\u00f1os y dietas hipocal\u00f3ricas.<\/p>\n<p>La Cinta porcionada pertenece a la carne del lomo del cerdo deshuesado, una de las partes con menos grasa y f\u00e1cilmente digerible por nuestro organismo.<\/p>\n<p>\u00a1Unos filetes muy suculentos y ricos al paladar!<\/p>\n<p>&nbsp;<\/p>\n<p>*Peso aprox 600 gr<\/p>\n<p>*El precio final variar\u00e1 en funci\u00f3n del peso, increment\u00e1ndose o disminuyendo unos c\u00e9ntimos\/euros en su factura final.<\/p>\n","protected":false},"excerpt":{"rendered":"<p>La\u00a0Cinta de Lomo Adobada de Cerdo Duroc\u00a0es una carne blanca, con una comedida infiltraci\u00f3n de grasa, siendo \u00e9sta muy gustosa y sabrosa. Su preparaci\u00f3n consta de\u00a0la pieza entera del lomo con un adobo compuesto por piment\u00f3n, ofreciendo ese caracter\u00edstico tono rojizo, adem\u00e1s de aceite de oliva, sal y or\u00e9gano. Es una carne de f\u00e1cil masticado, [&hellip;]<\/p>\n","protected":false},"featured_media":246616,"comment_status":"closed","ping_status":"closed","template":"","meta":[],"product_brand":[],"product_cat":[50],"product_tag":[],"class_list":{"0":"post-247926","1":"product","2":"type-product","3":"status-publish","4":"has-post-thumbnail","6":"product_cat-cerdo","8":"first","9":"instock","10":"shipping-taxable","11":"purchasable","12":"product-type-simple"},"_links":{"self":[{"href":"https:\/\/mentta.fastdelivery.es\/index.php\/wp-json\/wp\/v2\/product\/247926","targetHints":{"allow":["GET"]}}],"collection":[{"href":"https:\/\/mentta.fastdelivery.es\/index.php\/wp-json\/wp\/v2\/product"}],"about":[{"href":"https:\/\/mentta.fastdelivery.es\/index.php\/wp-json\/wp\/v2\/types\/product"}],"replies":[{"embeddable":true,"href":"https:\/\/mentta.fastdelivery.es\/index.php\/wp-json\/wp\/v2\/comments?post=247926"}],"wp:featuredmedia":[{"embeddable":true,"href":"https:\/\/mentta.fastdelivery.es\/index.php\/wp-json\/wp\/v2\/media\/246616"}],"wp:attachment":[{"href":"https:\/\/mentta.fastdelivery.es\/index.php\/wp-json\/wp\/v2\/media?parent=247926"}],"wp:term":[{"taxonomy":"product_brand","embeddable":true,"href":"https:\/\/mentta.fastdelivery.es\/index.php\/wp-json\/wp\/v2\/product_brand?post=247926"},{"taxonomy":"product_cat","embeddable":true,"href":"https:\/\/mentta.fastdelivery.es\/index.php\/wp-json\/wp\/v2\/product_cat?post=247926"},{"taxonomy":"product_tag","embeddable":true,"href":"https:\/\/mentta.fastdelivery.es\/index.php\/wp-json\/wp\/v2\/product_tag?post=247926"}],"curies":[{"name":"wp","href":"https:\/\/api.w.org\/{rel}","templated":true}]}}