{"id":247929,"date":"2024-06-16T16:33:10","date_gmt":"2024-06-16T14:33:10","guid":{"rendered":"https:\/\/mentta.fastdelivery.es\/?post_type=product&#038;p=247929"},"modified":"2026-03-10T17:19:49","modified_gmt":"2026-03-10T16:19:49","slug":"codillo-salmuerizado-pieza-15kg-aprox","status":"publish","type":"product","link":"https:\/\/mentta.fastdelivery.es\/index.php\/producto\/codillo-salmuerizado-pieza-15kg-aprox\/","title":{"rendered":"Codillo Salmuerizado Pieza 1,5kg aprox"},"content":{"rendered":"<p>Pieza de\u00a0<strong>Codillo Salmuerizado<\/strong>\u00a0de cerdo. Perfecto para hacer al horno o cocido. Uno de los platos m\u00e1s tradicionales de la cocina alemana.<\/p>\n<p>&nbsp;<\/p>\n<p>*Peso aprox del producto, pieza\u00a0entre 1,4 y\u00a01,5 kg.<\/p>\n<p>Se presenta pieza envasada al vac\u00edo por unidad.<\/p>\n<p>*En la preparaci\u00f3n de productos frescos puede existir una ligera variaci\u00f3n del precio final en funci\u00f3n del peso<\/p>\n","protected":false},"excerpt":{"rendered":"<p>Pieza de\u00a0Codillo Salmuerizado\u00a0de cerdo. Perfecto para hacer al horno o cocido. Uno de los platos m\u00e1s tradicionales de la cocina alemana. &nbsp; *Peso aprox del producto, pieza\u00a0entre 1,4 y\u00a01,5 kg. Se presenta pieza envasada al vac\u00edo por unidad. *En la preparaci\u00f3n de productos frescos puede existir una ligera variaci\u00f3n del precio final en funci\u00f3n del [&hellip;]<\/p>\n","protected":false},"featured_media":247930,"comment_status":"closed","ping_status":"closed","template":"","meta":[],"product_brand":[],"product_cat":[50],"product_tag":[],"class_list":{"0":"post-247929","1":"product","2":"type-product","3":"status-publish","4":"has-post-thumbnail","6":"product_cat-cerdo","8":"first","9":"instock","10":"shipping-taxable","11":"purchasable","12":"product-type-simple"},"_links":{"self":[{"href":"https:\/\/mentta.fastdelivery.es\/index.php\/wp-json\/wp\/v2\/product\/247929","targetHints":{"allow":["GET"]}}],"collection":[{"href":"https:\/\/mentta.fastdelivery.es\/index.php\/wp-json\/wp\/v2\/product"}],"about":[{"href":"https:\/\/mentta.fastdelivery.es\/index.php\/wp-json\/wp\/v2\/types\/product"}],"replies":[{"embeddable":true,"href":"https:\/\/mentta.fastdelivery.es\/index.php\/wp-json\/wp\/v2\/comments?post=247929"}],"wp:featuredmedia":[{"embeddable":true,"href":"https:\/\/mentta.fastdelivery.es\/index.php\/wp-json\/wp\/v2\/media\/247930"}],"wp:attachment":[{"href":"https:\/\/mentta.fastdelivery.es\/index.php\/wp-json\/wp\/v2\/media?parent=247929"}],"wp:term":[{"taxonomy":"product_brand","embeddable":true,"href":"https:\/\/mentta.fastdelivery.es\/index.php\/wp-json\/wp\/v2\/product_brand?post=247929"},{"taxonomy":"product_cat","embeddable":true,"href":"https:\/\/mentta.fastdelivery.es\/index.php\/wp-json\/wp\/v2\/product_cat?post=247929"},{"taxonomy":"product_tag","embeddable":true,"href":"https:\/\/mentta.fastdelivery.es\/index.php\/wp-json\/wp\/v2\/product_tag?post=247929"}],"curies":[{"name":"wp","href":"https:\/\/api.w.org\/{rel}","templated":true}]}}