{"id":247934,"date":"2024-06-16T16:37:34","date_gmt":"2024-06-16T14:37:34","guid":{"rendered":"https:\/\/mentta.fastdelivery.es\/?post_type=product&#038;p=247934"},"modified":"2026-03-10T17:19:48","modified_gmt":"2026-03-10T16:19:48","slug":"tiras-costilla-cerdo-850-gr-aprox","status":"publish","type":"product","link":"https:\/\/mentta.fastdelivery.es\/index.php\/producto\/tiras-costilla-cerdo-850-gr-aprox\/","title":{"rendered":"Tiras Costilla Cerdo 850 gr. aprox."},"content":{"rendered":"<p>La\u00a0<strong>Tira de Costillas de Cerdo Duroc<\/strong>, est\u00e1 formada por el costillar completo del animal.<\/p>\n<p>Es un tipo de carne ideal para hacerla a la brasa o en barbacoas, pero para conseguir unas\u00a0<strong>costillas tiernas y jugosas<\/strong>, el secreto est\u00e1 en la cocci\u00f3n lenta y a baja temperatura. \u00a1Pruebalas con salsa barbacoa, son una delicia!<\/p>\n<p>Un gran plato, cocinado en cualquier versi\u00f3n, con el que estamos seguros de que os vais a chupar los dedos.<\/p>\n<p>&nbsp;<\/p>\n<p>*Peso aprox del producto pieza entera de 850 g.<\/p>\n<p>*En la preparaci\u00f3n de productos frescos puede existir una ligera variaci\u00f3n del precio final en funci\u00f3n del peso.<\/p>\n","protected":false},"excerpt":{"rendered":"<p>La\u00a0Tira de Costillas de Cerdo Duroc, est\u00e1 formada por el costillar completo del animal. Es un tipo de carne ideal para hacerla a la brasa o en barbacoas, pero para conseguir unas\u00a0costillas tiernas y jugosas, el secreto est\u00e1 en la cocci\u00f3n lenta y a baja temperatura. \u00a1Pruebalas con salsa barbacoa, son una delicia! Un gran [&hellip;]<\/p>\n","protected":false},"featured_media":247935,"comment_status":"closed","ping_status":"closed","template":"","meta":[],"product_brand":[],"product_cat":[50],"product_tag":[],"class_list":{"0":"post-247934","1":"product","2":"type-product","3":"status-publish","4":"has-post-thumbnail","6":"product_cat-cerdo","8":"first","9":"instock","10":"shipping-taxable","11":"purchasable","12":"product-type-simple"},"_links":{"self":[{"href":"https:\/\/mentta.fastdelivery.es\/index.php\/wp-json\/wp\/v2\/product\/247934","targetHints":{"allow":["GET"]}}],"collection":[{"href":"https:\/\/mentta.fastdelivery.es\/index.php\/wp-json\/wp\/v2\/product"}],"about":[{"href":"https:\/\/mentta.fastdelivery.es\/index.php\/wp-json\/wp\/v2\/types\/product"}],"replies":[{"embeddable":true,"href":"https:\/\/mentta.fastdelivery.es\/index.php\/wp-json\/wp\/v2\/comments?post=247934"}],"wp:featuredmedia":[{"embeddable":true,"href":"https:\/\/mentta.fastdelivery.es\/index.php\/wp-json\/wp\/v2\/media\/247935"}],"wp:attachment":[{"href":"https:\/\/mentta.fastdelivery.es\/index.php\/wp-json\/wp\/v2\/media?parent=247934"}],"wp:term":[{"taxonomy":"product_brand","embeddable":true,"href":"https:\/\/mentta.fastdelivery.es\/index.php\/wp-json\/wp\/v2\/product_brand?post=247934"},{"taxonomy":"product_cat","embeddable":true,"href":"https:\/\/mentta.fastdelivery.es\/index.php\/wp-json\/wp\/v2\/product_cat?post=247934"},{"taxonomy":"product_tag","embeddable":true,"href":"https:\/\/mentta.fastdelivery.es\/index.php\/wp-json\/wp\/v2\/product_tag?post=247934"}],"curies":[{"name":"wp","href":"https:\/\/api.w.org\/{rel}","templated":true}]}}