{"id":247937,"date":"2024-06-16T17:54:42","date_gmt":"2024-06-16T15:54:42","guid":{"rendered":"https:\/\/mentta.fastdelivery.es\/?post_type=product&#038;p=247937"},"modified":"2026-03-10T17:19:48","modified_gmt":"2026-03-10T16:19:48","slug":"solomillo-ternera-porcionado-2-x-180-gr-aprox","status":"publish","type":"product","link":"https:\/\/mentta.fastdelivery.es\/index.php\/producto\/solomillo-ternera-porcionado-2-x-180-gr-aprox\/","title":{"rendered":"Solomillo Ternera Porcionado 2 x 200 gr. aprox."},"content":{"rendered":"<p><strong>Solomillo de ternera<\/strong>, dos unidades servidas en porciones.<\/p>\n<p>Uno de los cortes m\u00e1s valorados, tierno y muy magro, situado en la cara interna del lomo bajo.<\/p>\n<p>Es una de las partes m\u00e1s elitista y tiernas del a\u00f1ojo, preparaci\u00f3n especial en medallones para que lo cocines a la plancha\u00a0o a la parrilla, no se recomienda un asado demasiado prolongado.<\/p>\n<p>Excelente pieza de ternera, criadas en la propia finca del\u00a0<strong>Grupo Los Norte\u00f1os<\/strong>\u00a0en Toledo, muy utilizada tradicionalmente en la restauraci\u00f3n.<\/p>\n<p>*Peso aprox del producto 2 unidades de 180 g.<\/p>\n<p>*En la preparaci\u00f3n de productos frescos puede existir una ligera variaci\u00f3n del precio final en funci\u00f3n del peso.<\/p>\n","protected":false},"excerpt":{"rendered":"<p>Solomillo de ternera, dos unidades servidas en porciones. Uno de los cortes m\u00e1s valorados, tierno y muy magro, situado en la cara interna del lomo bajo. Es una de las partes m\u00e1s elitista y tiernas del a\u00f1ojo, preparaci\u00f3n especial en medallones para que lo cocines a la plancha\u00a0o a la parrilla, no se recomienda un [&hellip;]<\/p>\n","protected":false},"featured_media":246630,"comment_status":"closed","ping_status":"closed","template":"","meta":[],"product_brand":[],"product_cat":[48],"product_tag":[],"class_list":{"0":"post-247937","1":"product","2":"type-product","3":"status-publish","4":"has-post-thumbnail","6":"product_cat-ternera","8":"first","9":"instock","10":"shipping-taxable","11":"purchasable","12":"product-type-simple"},"_links":{"self":[{"href":"https:\/\/mentta.fastdelivery.es\/index.php\/wp-json\/wp\/v2\/product\/247937","targetHints":{"allow":["GET"]}}],"collection":[{"href":"https:\/\/mentta.fastdelivery.es\/index.php\/wp-json\/wp\/v2\/product"}],"about":[{"href":"https:\/\/mentta.fastdelivery.es\/index.php\/wp-json\/wp\/v2\/types\/product"}],"replies":[{"embeddable":true,"href":"https:\/\/mentta.fastdelivery.es\/index.php\/wp-json\/wp\/v2\/comments?post=247937"}],"wp:featuredmedia":[{"embeddable":true,"href":"https:\/\/mentta.fastdelivery.es\/index.php\/wp-json\/wp\/v2\/media\/246630"}],"wp:attachment":[{"href":"https:\/\/mentta.fastdelivery.es\/index.php\/wp-json\/wp\/v2\/media?parent=247937"}],"wp:term":[{"taxonomy":"product_brand","embeddable":true,"href":"https:\/\/mentta.fastdelivery.es\/index.php\/wp-json\/wp\/v2\/product_brand?post=247937"},{"taxonomy":"product_cat","embeddable":true,"href":"https:\/\/mentta.fastdelivery.es\/index.php\/wp-json\/wp\/v2\/product_cat?post=247937"},{"taxonomy":"product_tag","embeddable":true,"href":"https:\/\/mentta.fastdelivery.es\/index.php\/wp-json\/wp\/v2\/product_tag?post=247937"}],"curies":[{"name":"wp","href":"https:\/\/api.w.org\/{rel}","templated":true}]}}