{"id":247946,"date":"2024-06-16T21:36:29","date_gmt":"2024-06-16T19:36:29","guid":{"rendered":"https:\/\/mentta.fastdelivery.es\/?post_type=product&#038;p=247946"},"modified":"2026-03-10T17:19:48","modified_gmt":"2026-03-10T16:19:48","slug":"filetes-aguja-ternera-600-gr-aprox","status":"publish","type":"product","link":"https:\/\/mentta.fastdelivery.es\/index.php\/producto\/filetes-aguja-ternera-600-gr-aprox\/","title":{"rendered":"Filetes Aguja Ternera 600 gr aprox."},"content":{"rendered":"<p><strong>Filetes de aguja de ternera<\/strong>, unos filetes\u00a0ideales para hacer a la plancha, fre\u00edr, empanar o guisar troceados.<\/p>\n<p>La aguja de ternera es una pieza de carne\u00a0<strong>muy tierna<\/strong>\u00a0y\u00a0<strong>bastante jugosa<\/strong>.<\/p>\n<p>Se situa en la parte posterior de la cabeza, entre las dos espaldillas, inmediatamente antes del lomo alto.<\/p>\n<p>&nbsp;<\/p>\n<p>*Peso aprox del producto 600 gr.<\/p>\n<p>*En la preparaci\u00f3n de productos frescos puede existir una ligera variaci\u00f3n del precio final en funci\u00f3n del peso<\/p>\n","protected":false},"excerpt":{"rendered":"<p>Filetes de aguja de ternera, unos filetes\u00a0ideales para hacer a la plancha, fre\u00edr, empanar o guisar troceados. La aguja de ternera es una pieza de carne\u00a0muy tierna\u00a0y\u00a0bastante jugosa. Se situa en la parte posterior de la cabeza, entre las dos espaldillas, inmediatamente antes del lomo alto. &nbsp; *Peso aprox del producto 600 gr. *En la [&hellip;]<\/p>\n","protected":false},"featured_media":247947,"comment_status":"closed","ping_status":"closed","template":"","meta":[],"product_brand":[],"product_cat":[48],"product_tag":[],"class_list":{"0":"post-247946","1":"product","2":"type-product","3":"status-publish","4":"has-post-thumbnail","6":"product_cat-ternera","8":"first","9":"instock","10":"shipping-taxable","11":"purchasable","12":"product-type-simple"},"_links":{"self":[{"href":"https:\/\/mentta.fastdelivery.es\/index.php\/wp-json\/wp\/v2\/product\/247946","targetHints":{"allow":["GET"]}}],"collection":[{"href":"https:\/\/mentta.fastdelivery.es\/index.php\/wp-json\/wp\/v2\/product"}],"about":[{"href":"https:\/\/mentta.fastdelivery.es\/index.php\/wp-json\/wp\/v2\/types\/product"}],"replies":[{"embeddable":true,"href":"https:\/\/mentta.fastdelivery.es\/index.php\/wp-json\/wp\/v2\/comments?post=247946"}],"wp:featuredmedia":[{"embeddable":true,"href":"https:\/\/mentta.fastdelivery.es\/index.php\/wp-json\/wp\/v2\/media\/247947"}],"wp:attachment":[{"href":"https:\/\/mentta.fastdelivery.es\/index.php\/wp-json\/wp\/v2\/media?parent=247946"}],"wp:term":[{"taxonomy":"product_brand","embeddable":true,"href":"https:\/\/mentta.fastdelivery.es\/index.php\/wp-json\/wp\/v2\/product_brand?post=247946"},{"taxonomy":"product_cat","embeddable":true,"href":"https:\/\/mentta.fastdelivery.es\/index.php\/wp-json\/wp\/v2\/product_cat?post=247946"},{"taxonomy":"product_tag","embeddable":true,"href":"https:\/\/mentta.fastdelivery.es\/index.php\/wp-json\/wp\/v2\/product_tag?post=247946"}],"curies":[{"name":"wp","href":"https:\/\/api.w.org\/{rel}","templated":true}]}}