{"id":247960,"date":"2024-06-17T08:32:03","date_gmt":"2024-06-17T06:32:03","guid":{"rendered":"https:\/\/mentta.fastdelivery.es\/?post_type=product&#038;p=247960"},"modified":"2026-03-10T17:19:48","modified_gmt":"2026-03-10T16:19:48","slug":"escalopin-de-ternera-8-filetes-750-gr-aprox","status":"publish","type":"product","link":"https:\/\/mentta.fastdelivery.es\/index.php\/producto\/escalopin-de-ternera-8-filetes-750-gr-aprox\/","title":{"rendered":"Escalop\u00edn de Ternera (8 filetes ) 800 gr aprox."},"content":{"rendered":"<p>Deliciosos\u00a0<strong>Escalopines de Ternera<\/strong>, con un\u00a0corte fino e intenso sabor. Una de las preparaciones de ternera m\u00e1s utilizadas en las cocinas.<\/p>\n<p>Perfectos para preparar los famosos escalopes empanados tan adorados por los m\u00e1s peque\u00f1os de la casa, ideales tambi\u00e9n para elaborar otras recetas como el\u00a0<em>cordon bleu,\u00a0<\/em>o simplemente vuelta y vuelta a la plancha.<\/p>\n<p>&nbsp;<\/p>\n<p>*Peso aprox. 800 gr ( 8 filetes)<\/p>\n<p>*En la preparaci\u00f3n de productos frescos puede existir una ligera variaci\u00f3n del precio final en funci\u00f3n del peso.<\/p>\n","protected":false},"excerpt":{"rendered":"<p>Deliciosos\u00a0Escalopines de Ternera, con un\u00a0corte fino e intenso sabor. Una de las preparaciones de ternera m\u00e1s utilizadas en las cocinas. Perfectos para preparar los famosos escalopes empanados tan adorados por los m\u00e1s peque\u00f1os de la casa, ideales tambi\u00e9n para elaborar otras recetas como el\u00a0cordon bleu,\u00a0o simplemente vuelta y vuelta a la plancha. &nbsp; *Peso aprox. [&hellip;]<\/p>\n","protected":false},"featured_media":247961,"comment_status":"closed","ping_status":"closed","template":"","meta":[],"product_brand":[],"product_cat":[48],"product_tag":[],"class_list":{"0":"post-247960","1":"product","2":"type-product","3":"status-publish","4":"has-post-thumbnail","6":"product_cat-ternera","8":"first","9":"instock","10":"shipping-taxable","11":"purchasable","12":"product-type-simple"},"_links":{"self":[{"href":"https:\/\/mentta.fastdelivery.es\/index.php\/wp-json\/wp\/v2\/product\/247960","targetHints":{"allow":["GET"]}}],"collection":[{"href":"https:\/\/mentta.fastdelivery.es\/index.php\/wp-json\/wp\/v2\/product"}],"about":[{"href":"https:\/\/mentta.fastdelivery.es\/index.php\/wp-json\/wp\/v2\/types\/product"}],"replies":[{"embeddable":true,"href":"https:\/\/mentta.fastdelivery.es\/index.php\/wp-json\/wp\/v2\/comments?post=247960"}],"wp:featuredmedia":[{"embeddable":true,"href":"https:\/\/mentta.fastdelivery.es\/index.php\/wp-json\/wp\/v2\/media\/247961"}],"wp:attachment":[{"href":"https:\/\/mentta.fastdelivery.es\/index.php\/wp-json\/wp\/v2\/media?parent=247960"}],"wp:term":[{"taxonomy":"product_brand","embeddable":true,"href":"https:\/\/mentta.fastdelivery.es\/index.php\/wp-json\/wp\/v2\/product_brand?post=247960"},{"taxonomy":"product_cat","embeddable":true,"href":"https:\/\/mentta.fastdelivery.es\/index.php\/wp-json\/wp\/v2\/product_cat?post=247960"},{"taxonomy":"product_tag","embeddable":true,"href":"https:\/\/mentta.fastdelivery.es\/index.php\/wp-json\/wp\/v2\/product_tag?post=247960"}],"curies":[{"name":"wp","href":"https:\/\/api.w.org\/{rel}","templated":true}]}}