{"id":247970,"date":"2024-06-17T08:58:06","date_gmt":"2024-06-17T06:58:06","guid":{"rendered":"https:\/\/mentta.fastdelivery.es\/?post_type=product&#038;p=247970"},"modified":"2026-03-10T17:19:48","modified_gmt":"2026-03-10T16:19:48","slug":"solomillo-angus-porcionado-250-gr","status":"publish","type":"product","link":"https:\/\/mentta.fastdelivery.es\/index.php\/producto\/solomillo-angus-porcionado-250-gr\/","title":{"rendered":"Solomillo Angus Porcionado 250 gr."},"content":{"rendered":"<p><strong>Solomillo Angus Porcionado<\/strong>\u00a0250 gr.<\/p>\n<p>Nuestro\u00a0<strong>Solomillo de raza Angus<\/strong>, tiene todo lo que se le puedes pedir a una pieza de carne de esta\u00a0<strong>categor\u00eda Premium<\/strong>.<\/p>\n<p>Su sabor a mantequilla, su color dorado en la parrilla, su terneza y su jugosidad har\u00e1n que disfrutes de una\u00a0<strong>experiencia culinaria irrepetible<\/strong>.<\/p>\n<p>Porci\u00f3n de 250 gr. aproximadamente.<\/p>\n<p>*En la preparaci\u00f3n de productos frescos puede existir una ligera variaci\u00f3n del precio final en funci\u00f3n del peso.<\/p>\n","protected":false},"excerpt":{"rendered":"<p>Solomillo Angus Porcionado\u00a0250 gr. Nuestro\u00a0Solomillo de raza Angus, tiene todo lo que se le puedes pedir a una pieza de carne de esta\u00a0categor\u00eda Premium. Su sabor a mantequilla, su color dorado en la parrilla, su terneza y su jugosidad har\u00e1n que disfrutes de una\u00a0experiencia culinaria irrepetible. Porci\u00f3n de 250 gr. aproximadamente. *En la preparaci\u00f3n de [&hellip;]<\/p>\n","protected":false},"featured_media":249182,"comment_status":"closed","ping_status":"closed","template":"","meta":[],"product_brand":[],"product_cat":[47,48],"product_tag":[],"class_list":{"0":"post-247970","1":"product","2":"type-product","3":"status-publish","4":"has-post-thumbnail","6":"product_cat-carnes","7":"product_cat-ternera","9":"first","10":"instock","11":"shipping-taxable","12":"purchasable","13":"product-type-simple"},"_links":{"self":[{"href":"https:\/\/mentta.fastdelivery.es\/index.php\/wp-json\/wp\/v2\/product\/247970","targetHints":{"allow":["GET"]}}],"collection":[{"href":"https:\/\/mentta.fastdelivery.es\/index.php\/wp-json\/wp\/v2\/product"}],"about":[{"href":"https:\/\/mentta.fastdelivery.es\/index.php\/wp-json\/wp\/v2\/types\/product"}],"replies":[{"embeddable":true,"href":"https:\/\/mentta.fastdelivery.es\/index.php\/wp-json\/wp\/v2\/comments?post=247970"}],"wp:featuredmedia":[{"embeddable":true,"href":"https:\/\/mentta.fastdelivery.es\/index.php\/wp-json\/wp\/v2\/media\/249182"}],"wp:attachment":[{"href":"https:\/\/mentta.fastdelivery.es\/index.php\/wp-json\/wp\/v2\/media?parent=247970"}],"wp:term":[{"taxonomy":"product_brand","embeddable":true,"href":"https:\/\/mentta.fastdelivery.es\/index.php\/wp-json\/wp\/v2\/product_brand?post=247970"},{"taxonomy":"product_cat","embeddable":true,"href":"https:\/\/mentta.fastdelivery.es\/index.php\/wp-json\/wp\/v2\/product_cat?post=247970"},{"taxonomy":"product_tag","embeddable":true,"href":"https:\/\/mentta.fastdelivery.es\/index.php\/wp-json\/wp\/v2\/product_tag?post=247970"}],"curies":[{"name":"wp","href":"https:\/\/api.w.org\/{rel}","templated":true}]}}