{"id":247971,"date":"2024-06-17T09:05:06","date_gmt":"2024-06-17T07:05:06","guid":{"rendered":"https:\/\/mentta.fastdelivery.es\/?post_type=product&#038;p=247971"},"modified":"2026-03-10T17:19:48","modified_gmt":"2026-03-10T16:19:48","slug":"solomillo-vaca-madurada-2-x-200-gr-aprox","status":"publish","type":"product","link":"https:\/\/mentta.fastdelivery.es\/index.php\/producto\/solomillo-vaca-madurada-2-x-200-gr-aprox\/","title":{"rendered":"Solomillo Vaca Madurada 2 X 200 gr aprox."},"content":{"rendered":"<p>Un solomillo de vaca madurada\u00a0<strong>\u00fanicos en sabor<\/strong>, con una maduraci\u00f3n de 15-20 d\u00edas la carne adquiere una suavidad y una ternura asombrosas, gracias a la ruptura de sus fibras musculares.<\/p>\n<p>As\u00ed conseguimos que nuestras piezas tengan una\u00a0<strong>cremosidad<\/strong>\u00a0y\u00a0<strong>sabor asombrosos<\/strong>.<\/p>\n<p>&nbsp;<\/p>\n<p>*Peso aproximado 2 Solomillos de 200 gr cada uno. (400 gramos aproximadamente en total)<\/p>\n<p>*En la preparaci\u00f3n de productos frescos puede existir una ligera variaci\u00f3n del precio final en funci\u00f3n del peso.<\/p>\n","protected":false},"excerpt":{"rendered":"<p>Un solomillo de vaca madurada\u00a0\u00fanicos en sabor, con una maduraci\u00f3n de 15-20 d\u00edas la carne adquiere una suavidad y una ternura asombrosas, gracias a la ruptura de sus fibras musculares. As\u00ed conseguimos que nuestras piezas tengan una\u00a0cremosidad\u00a0y\u00a0sabor asombrosos. &nbsp; *Peso aproximado 2 Solomillos de 200 gr cada uno. (400 gramos aproximadamente en total) *En la [&hellip;]<\/p>\n","protected":false},"featured_media":246670,"comment_status":"closed","ping_status":"closed","template":"","meta":[],"product_brand":[],"product_cat":[47,48],"product_tag":[],"class_list":{"0":"post-247971","1":"product","2":"type-product","3":"status-publish","4":"has-post-thumbnail","6":"product_cat-carnes","7":"product_cat-ternera","9":"first","10":"instock","11":"shipping-taxable","12":"purchasable","13":"product-type-simple"},"_links":{"self":[{"href":"https:\/\/mentta.fastdelivery.es\/index.php\/wp-json\/wp\/v2\/product\/247971","targetHints":{"allow":["GET"]}}],"collection":[{"href":"https:\/\/mentta.fastdelivery.es\/index.php\/wp-json\/wp\/v2\/product"}],"about":[{"href":"https:\/\/mentta.fastdelivery.es\/index.php\/wp-json\/wp\/v2\/types\/product"}],"replies":[{"embeddable":true,"href":"https:\/\/mentta.fastdelivery.es\/index.php\/wp-json\/wp\/v2\/comments?post=247971"}],"wp:featuredmedia":[{"embeddable":true,"href":"https:\/\/mentta.fastdelivery.es\/index.php\/wp-json\/wp\/v2\/media\/246670"}],"wp:attachment":[{"href":"https:\/\/mentta.fastdelivery.es\/index.php\/wp-json\/wp\/v2\/media?parent=247971"}],"wp:term":[{"taxonomy":"product_brand","embeddable":true,"href":"https:\/\/mentta.fastdelivery.es\/index.php\/wp-json\/wp\/v2\/product_brand?post=247971"},{"taxonomy":"product_cat","embeddable":true,"href":"https:\/\/mentta.fastdelivery.es\/index.php\/wp-json\/wp\/v2\/product_cat?post=247971"},{"taxonomy":"product_tag","embeddable":true,"href":"https:\/\/mentta.fastdelivery.es\/index.php\/wp-json\/wp\/v2\/product_tag?post=247971"}],"curies":[{"name":"wp","href":"https:\/\/api.w.org\/{rel}","templated":true}]}}