{"id":247975,"date":"2024-06-17T09:09:08","date_gmt":"2024-06-17T07:09:08","guid":{"rendered":"https:\/\/mentta.fastdelivery.es\/?post_type=product&#038;p=247975"},"modified":"2026-03-10T17:19:48","modified_gmt":"2026-03-10T16:19:48","slug":"solomillo-vaca-premium-45-kg","status":"publish","type":"product","link":"https:\/\/mentta.fastdelivery.es\/index.php\/producto\/solomillo-vaca-premium-45-kg\/","title":{"rendered":"Solomillo Vaca Premium 4,5 Kg"},"content":{"rendered":"<p>Pieza de aproximadamente 4,5 kg de\u00a0<strong>Solomillo de Vaca PREMIUM<\/strong>, incre\u00edblemente tierno, sabor exclusivo y jugosidad, convierten a esta pieza de solomillo en una delicia.<\/p>\n<p>Es el corte de toda la res que tiene\u00a0<strong>mejor textur<\/strong>a y por esta raz\u00f3n es el preferido en las mesas de los mejores restaurantes.<\/p>\n<p>Si lo que buscas es una carne tierna y suave, te recomendamos que pruebes nuestro\u00a0<strong>Solomillo de calidad Premium<\/strong>.<\/p>\n<p>Vacuno criado con alimentos de\u00a0<strong>origen vegetal.<\/strong><\/p>\n<p>&nbsp;<\/p>\n<p>*Peso aprox del producto 4,5 kg.<\/p>\n<p>*En la preparaci\u00f3n de productos frescos puede existir una ligera variaci\u00f3n del precio final en funci\u00f3n del peso.<\/p>\n","protected":false},"excerpt":{"rendered":"<p>Pieza de aproximadamente 4,5 kg de\u00a0Solomillo de Vaca PREMIUM, incre\u00edblemente tierno, sabor exclusivo y jugosidad, convierten a esta pieza de solomillo en una delicia. Es el corte de toda la res que tiene\u00a0mejor textura y por esta raz\u00f3n es el preferido en las mesas de los mejores restaurantes. Si lo que buscas es una carne [&hellip;]<\/p>\n","protected":false},"featured_media":0,"comment_status":"closed","ping_status":"closed","template":"","meta":[],"product_brand":[],"product_cat":[47,48],"product_tag":[],"class_list":{"0":"post-247975","1":"product","2":"type-product","3":"status-publish","5":"product_cat-carnes","6":"product_cat-ternera","8":"first","9":"instock","10":"shipping-taxable","11":"purchasable","12":"product-type-simple"},"_links":{"self":[{"href":"https:\/\/mentta.fastdelivery.es\/index.php\/wp-json\/wp\/v2\/product\/247975","targetHints":{"allow":["GET"]}}],"collection":[{"href":"https:\/\/mentta.fastdelivery.es\/index.php\/wp-json\/wp\/v2\/product"}],"about":[{"href":"https:\/\/mentta.fastdelivery.es\/index.php\/wp-json\/wp\/v2\/types\/product"}],"replies":[{"embeddable":true,"href":"https:\/\/mentta.fastdelivery.es\/index.php\/wp-json\/wp\/v2\/comments?post=247975"}],"wp:attachment":[{"href":"https:\/\/mentta.fastdelivery.es\/index.php\/wp-json\/wp\/v2\/media?parent=247975"}],"wp:term":[{"taxonomy":"product_brand","embeddable":true,"href":"https:\/\/mentta.fastdelivery.es\/index.php\/wp-json\/wp\/v2\/product_brand?post=247975"},{"taxonomy":"product_cat","embeddable":true,"href":"https:\/\/mentta.fastdelivery.es\/index.php\/wp-json\/wp\/v2\/product_cat?post=247975"},{"taxonomy":"product_tag","embeddable":true,"href":"https:\/\/mentta.fastdelivery.es\/index.php\/wp-json\/wp\/v2\/product_tag?post=247975"}],"curies":[{"name":"wp","href":"https:\/\/api.w.org\/{rel}","templated":true}]}}