{"id":247986,"date":"2024-06-17T09:21:25","date_gmt":"2024-06-17T07:21:25","guid":{"rendered":"https:\/\/mentta.fastdelivery.es\/?post_type=product&#038;p=247986"},"modified":"2026-03-10T17:19:48","modified_gmt":"2026-03-10T16:19:48","slug":"rabo-ternera-blanca-porcionado-750-gr-aprox","status":"publish","type":"product","link":"https:\/\/mentta.fastdelivery.es\/index.php\/producto\/rabo-ternera-blanca-porcionado-750-gr-aprox\/","title":{"rendered":"Rabo Ternera Blanca Porcionado 750 gr aprox."},"content":{"rendered":"<p>El\u00a0<strong>Rabo de Ternera<\/strong>\u00a01\u00aaA es perfecto para preparar en guisos tradicionales. Su jugosa, melosa y tierna carne ofrecen al paladar una deliciosa experiencia.<\/p>\n<p>Posee una carne gelatinosa, ideal para guisos largos y caldos. Es un plato cada vez m\u00e1s apreciado en la cocina, tanto la tradicional como la de vanguardia.<\/p>\n<p>Te lo servimos porcionado y limpio, \u00a1listo para guisar!<\/p>\n<p>&nbsp;<\/p>\n<p>*Peso aprox del producto 750 gr.<\/p>\n<p>*En la preparaci\u00f3n de productos frescos puede existir una ligera variaci\u00f3n del precio final en funci\u00f3n del peso.<\/p>\n","protected":false},"excerpt":{"rendered":"<p>El\u00a0Rabo de Ternera\u00a01\u00aaA es perfecto para preparar en guisos tradicionales. Su jugosa, melosa y tierna carne ofrecen al paladar una deliciosa experiencia. Posee una carne gelatinosa, ideal para guisos largos y caldos. Es un plato cada vez m\u00e1s apreciado en la cocina, tanto la tradicional como la de vanguardia. Te lo servimos porcionado y limpio, [&hellip;]<\/p>\n","protected":false},"featured_media":246688,"comment_status":"closed","ping_status":"closed","template":"","meta":[],"product_brand":[],"product_cat":[47,48],"product_tag":[],"class_list":{"0":"post-247986","1":"product","2":"type-product","3":"status-publish","4":"has-post-thumbnail","6":"product_cat-carnes","7":"product_cat-ternera","9":"first","10":"instock","11":"shipping-taxable","12":"purchasable","13":"product-type-simple"},"_links":{"self":[{"href":"https:\/\/mentta.fastdelivery.es\/index.php\/wp-json\/wp\/v2\/product\/247986","targetHints":{"allow":["GET"]}}],"collection":[{"href":"https:\/\/mentta.fastdelivery.es\/index.php\/wp-json\/wp\/v2\/product"}],"about":[{"href":"https:\/\/mentta.fastdelivery.es\/index.php\/wp-json\/wp\/v2\/types\/product"}],"replies":[{"embeddable":true,"href":"https:\/\/mentta.fastdelivery.es\/index.php\/wp-json\/wp\/v2\/comments?post=247986"}],"wp:featuredmedia":[{"embeddable":true,"href":"https:\/\/mentta.fastdelivery.es\/index.php\/wp-json\/wp\/v2\/media\/246688"}],"wp:attachment":[{"href":"https:\/\/mentta.fastdelivery.es\/index.php\/wp-json\/wp\/v2\/media?parent=247986"}],"wp:term":[{"taxonomy":"product_brand","embeddable":true,"href":"https:\/\/mentta.fastdelivery.es\/index.php\/wp-json\/wp\/v2\/product_brand?post=247986"},{"taxonomy":"product_cat","embeddable":true,"href":"https:\/\/mentta.fastdelivery.es\/index.php\/wp-json\/wp\/v2\/product_cat?post=247986"},{"taxonomy":"product_tag","embeddable":true,"href":"https:\/\/mentta.fastdelivery.es\/index.php\/wp-json\/wp\/v2\/product_tag?post=247986"}],"curies":[{"name":"wp","href":"https:\/\/api.w.org\/{rel}","templated":true}]}}