{"id":247995,"date":"2024-06-18T08:50:01","date_gmt":"2024-06-18T06:50:01","guid":{"rendered":"https:\/\/mentta.fastdelivery.es\/?post_type=product&#038;p=247995"},"modified":"2026-03-10T17:19:48","modified_gmt":"2026-03-10T16:19:48","slug":"picada-ternera-blanca-600-gr-aprox","status":"publish","type":"product","link":"https:\/\/mentta.fastdelivery.es\/index.php\/producto\/picada-ternera-blanca-600-gr-aprox\/","title":{"rendered":"Picada Ternera Blanca 600 gr aprox."},"content":{"rendered":"<p>La mejor\u00a0<strong>Carne Picada de Ternera Blanca<\/strong>, elaborada a partir de piezas de 1\u00aa calidad.<\/p>\n<p>Carne 100% natural, s\u00f3lo carne, sin preparados a\u00f1adidos, sin sulfitos, sin colorantes ni ingredientes artificiales que consiguen alargar su vida \u00fatil, por eso su caducidad es muy corta.<\/p>\n<p>Aconsejamos congelarla si no se va a consumir inmediatamente.<\/p>\n<p>Es rica en prote\u00ednas, baja en grasas, y con ella podr\u00e1s elaborar innumerables platos.<\/p>\n<p>Esta carne picada es ideal para preparar alb\u00f3ndigas, hamburguesas o rellenos.<\/p>\n<p>&nbsp;<\/p>\n<p>*Peso aprox 600 gr<\/p>\n<p>*El precio final variar\u00e1 en funci\u00f3n del peso, increment\u00e1ndose o disminuyendo unos c\u00e9ntimos\/euros en su factura final.<\/p>\n","protected":false},"excerpt":{"rendered":"<p>La mejor\u00a0Carne Picada de Ternera Blanca, elaborada a partir de piezas de 1\u00aa calidad. Carne 100% natural, s\u00f3lo carne, sin preparados a\u00f1adidos, sin sulfitos, sin colorantes ni ingredientes artificiales que consiguen alargar su vida \u00fatil, por eso su caducidad es muy corta. Aconsejamos congelarla si no se va a consumir inmediatamente. Es rica en prote\u00ednas, [&hellip;]<\/p>\n","protected":false},"featured_media":247996,"comment_status":"closed","ping_status":"closed","template":"","meta":[],"product_brand":[],"product_cat":[47,53],"product_tag":[],"class_list":{"0":"post-247995","1":"product","2":"type-product","3":"status-publish","4":"has-post-thumbnail","6":"product_cat-carnes","7":"product_cat-hamburguesas-y-carne-picada","9":"first","10":"instock","11":"shipping-taxable","12":"purchasable","13":"product-type-simple"},"_links":{"self":[{"href":"https:\/\/mentta.fastdelivery.es\/index.php\/wp-json\/wp\/v2\/product\/247995","targetHints":{"allow":["GET"]}}],"collection":[{"href":"https:\/\/mentta.fastdelivery.es\/index.php\/wp-json\/wp\/v2\/product"}],"about":[{"href":"https:\/\/mentta.fastdelivery.es\/index.php\/wp-json\/wp\/v2\/types\/product"}],"replies":[{"embeddable":true,"href":"https:\/\/mentta.fastdelivery.es\/index.php\/wp-json\/wp\/v2\/comments?post=247995"}],"wp:featuredmedia":[{"embeddable":true,"href":"https:\/\/mentta.fastdelivery.es\/index.php\/wp-json\/wp\/v2\/media\/247996"}],"wp:attachment":[{"href":"https:\/\/mentta.fastdelivery.es\/index.php\/wp-json\/wp\/v2\/media?parent=247995"}],"wp:term":[{"taxonomy":"product_brand","embeddable":true,"href":"https:\/\/mentta.fastdelivery.es\/index.php\/wp-json\/wp\/v2\/product_brand?post=247995"},{"taxonomy":"product_cat","embeddable":true,"href":"https:\/\/mentta.fastdelivery.es\/index.php\/wp-json\/wp\/v2\/product_cat?post=247995"},{"taxonomy":"product_tag","embeddable":true,"href":"https:\/\/mentta.fastdelivery.es\/index.php\/wp-json\/wp\/v2\/product_tag?post=247995"}],"curies":[{"name":"wp","href":"https:\/\/api.w.org\/{rel}","templated":true}]}}