{"id":248008,"date":"2024-06-18T09:59:16","date_gmt":"2024-06-18T07:59:16","guid":{"rendered":"https:\/\/mentta.fastdelivery.es\/?post_type=product&#038;p=248008"},"modified":"2026-03-10T17:19:47","modified_gmt":"2026-03-10T16:19:47","slug":"hepadetox-10-ampollas","status":"publish","type":"product","link":"https:\/\/mentta.fastdelivery.es\/index.php\/producto\/hepadetox-10-ampollas\/","title":{"rendered":"Hepadetox (10 ampollas)"},"content":{"rendered":"<p>CONFORT HEP\u00c1TICO. La Alcachofa contribuye a la detoxificaci\u00f3n y junto a la Colina ayudan al buen funcionamiento del h\u00edgado.<\/p>\n<p><strong>PRESENTACI\u00d3N<\/strong><\/p>\n<p>10 ampollas.<\/p>\n<p><strong>INGREDIENTES<\/strong><\/p>\n<p><strong>Por ampolla:<\/strong>\u00a0R\u00e1bano negro extracto seco (<i>Raphanus sativus<\/i>, ra\u00edz): 600 mg, Alcachofa extracto seco (<i>Cynara scolymus L.<\/i>, hoja): 600 mg, Colina (Bitartrato de colina): 206 mg, Aroma a lim\u00f3n.<\/p>\n<p><strong>TABLA INGREDIENTES<\/strong><\/p>\n<p><b>Cantidad por d\u00eda (1 ampolla):<\/b><b>\u00a0<\/b>R\u00e1bano negro (600 mg), Alcachofa (600 mg), Colina (82,6 mg).<\/p>\n<p><strong>MODO DE EMPLEO<\/strong><\/p>\n<p>Tomar 1 ampolla al d\u00eda. Agitar bien antes de consumir.<\/p>\n<p><strong>CONTRAINDICACIONES<\/strong><\/p>\n<p>&#8211;<\/p>\n<p><strong>PRECAUCIONES<\/strong><\/p>\n<p>&#8211;<\/p>\n<p><strong>AL\u00c9RGENOS<\/strong><\/p>\n<p>Vegano.<\/p>\n","protected":false},"excerpt":{"rendered":"<p>CONFORT HEP\u00c1TICO. La Alcachofa contribuye a la detoxificaci\u00f3n y junto a la Colina ayudan al buen funcionamiento del h\u00edgado. PRESENTACI\u00d3N 10 ampollas. INGREDIENTES Por ampolla:\u00a0R\u00e1bano negro extracto seco (Raphanus sativus, ra\u00edz): 600 mg, Alcachofa extracto seco (Cynara scolymus L., hoja): 600 mg, Colina (Bitartrato de colina): 206 mg, Aroma a lim\u00f3n. TABLA INGREDIENTES Cantidad por [&hellip;]<\/p>\n","protected":false},"featured_media":248009,"comment_status":"closed","ping_status":"closed","template":"","meta":[],"product_brand":[],"product_cat":[40],"product_tag":[],"class_list":{"0":"post-248008","1":"product","2":"type-product","3":"status-publish","4":"has-post-thumbnail","6":"product_cat-dietetica-adelganzantes","8":"first","9":"instock","10":"shipping-taxable","11":"purchasable","12":"product-type-simple"},"_links":{"self":[{"href":"https:\/\/mentta.fastdelivery.es\/index.php\/wp-json\/wp\/v2\/product\/248008","targetHints":{"allow":["GET"]}}],"collection":[{"href":"https:\/\/mentta.fastdelivery.es\/index.php\/wp-json\/wp\/v2\/product"}],"about":[{"href":"https:\/\/mentta.fastdelivery.es\/index.php\/wp-json\/wp\/v2\/types\/product"}],"replies":[{"embeddable":true,"href":"https:\/\/mentta.fastdelivery.es\/index.php\/wp-json\/wp\/v2\/comments?post=248008"}],"wp:featuredmedia":[{"embeddable":true,"href":"https:\/\/mentta.fastdelivery.es\/index.php\/wp-json\/wp\/v2\/media\/248009"}],"wp:attachment":[{"href":"https:\/\/mentta.fastdelivery.es\/index.php\/wp-json\/wp\/v2\/media?parent=248008"}],"wp:term":[{"taxonomy":"product_brand","embeddable":true,"href":"https:\/\/mentta.fastdelivery.es\/index.php\/wp-json\/wp\/v2\/product_brand?post=248008"},{"taxonomy":"product_cat","embeddable":true,"href":"https:\/\/mentta.fastdelivery.es\/index.php\/wp-json\/wp\/v2\/product_cat?post=248008"},{"taxonomy":"product_tag","embeddable":true,"href":"https:\/\/mentta.fastdelivery.es\/index.php\/wp-json\/wp\/v2\/product_tag?post=248008"}],"curies":[{"name":"wp","href":"https:\/\/api.w.org\/{rel}","templated":true}]}}