{"id":248011,"date":"2024-06-18T10:10:12","date_gmt":"2024-06-18T08:10:12","guid":{"rendered":"https:\/\/mentta.fastdelivery.es\/?post_type=product&#038;p=248011"},"modified":"2026-03-10T17:19:47","modified_gmt":"2026-03-10T16:19:47","slug":"queso-puro-oveja-curado-antigua-queseria-toledo-400-gr","status":"publish","type":"product","link":"https:\/\/mentta.fastdelivery.es\/index.php\/producto\/queso-puro-oveja-curado-antigua-queseria-toledo-400-gr\/","title":{"rendered":"Queso Puro Oveja Curado Antigua Queser\u00eda Toledo 400 gr"},"content":{"rendered":"<p><strong>Queso Puro Oveja Curado Antigua Queser\u00eda Toledo<\/strong><\/p>\n<p>M\u00ednimo de 6 meses de curaci\u00f3n.<\/p>\n<p>Con una\u00a0<strong>textura muy agradable<\/strong>\u00a0y un\u00a0<strong>sabor exquisito<\/strong>, fruto de la paciencia del maestro quesero que le da el tiempo necesario para su maduraci\u00f3n.<\/p>\n<p>Elaborado con leche cruda 100% de oveja, zona de La Mancha.<\/p>\n<p>*Precio por peso aproximado de cu\u00f1a de 400 gr.<\/p>\n","protected":false},"excerpt":{"rendered":"<p>Queso Puro Oveja Curado Antigua Queser\u00eda Toledo M\u00ednimo de 6 meses de curaci\u00f3n. Con una\u00a0textura muy agradable\u00a0y un\u00a0sabor exquisito, fruto de la paciencia del maestro quesero que le da el tiempo necesario para su maduraci\u00f3n. Elaborado con leche cruda 100% de oveja, zona de La Mancha. *Precio por peso aproximado de cu\u00f1a de 400 gr.<\/p>\n","protected":false},"featured_media":246719,"comment_status":"closed","ping_status":"closed","template":"","meta":[],"product_brand":[],"product_cat":[56],"product_tag":[],"class_list":{"0":"post-248011","1":"product","2":"type-product","3":"status-publish","4":"has-post-thumbnail","6":"product_cat-quesos","8":"first","9":"instock","10":"shipping-taxable","11":"purchasable","12":"product-type-simple"},"_links":{"self":[{"href":"https:\/\/mentta.fastdelivery.es\/index.php\/wp-json\/wp\/v2\/product\/248011","targetHints":{"allow":["GET"]}}],"collection":[{"href":"https:\/\/mentta.fastdelivery.es\/index.php\/wp-json\/wp\/v2\/product"}],"about":[{"href":"https:\/\/mentta.fastdelivery.es\/index.php\/wp-json\/wp\/v2\/types\/product"}],"replies":[{"embeddable":true,"href":"https:\/\/mentta.fastdelivery.es\/index.php\/wp-json\/wp\/v2\/comments?post=248011"}],"wp:featuredmedia":[{"embeddable":true,"href":"https:\/\/mentta.fastdelivery.es\/index.php\/wp-json\/wp\/v2\/media\/246719"}],"wp:attachment":[{"href":"https:\/\/mentta.fastdelivery.es\/index.php\/wp-json\/wp\/v2\/media?parent=248011"}],"wp:term":[{"taxonomy":"product_brand","embeddable":true,"href":"https:\/\/mentta.fastdelivery.es\/index.php\/wp-json\/wp\/v2\/product_brand?post=248011"},{"taxonomy":"product_cat","embeddable":true,"href":"https:\/\/mentta.fastdelivery.es\/index.php\/wp-json\/wp\/v2\/product_cat?post=248011"},{"taxonomy":"product_tag","embeddable":true,"href":"https:\/\/mentta.fastdelivery.es\/index.php\/wp-json\/wp\/v2\/product_tag?post=248011"}],"curies":[{"name":"wp","href":"https:\/\/api.w.org\/{rel}","templated":true}]}}