{"id":248014,"date":"2024-06-18T10:45:40","date_gmt":"2024-06-18T08:45:40","guid":{"rendered":"https:\/\/mentta.fastdelivery.es\/?post_type=product&#038;p=248014"},"modified":"2026-03-10T17:19:47","modified_gmt":"2026-03-10T16:19:47","slug":"queso-mezcla-curado-400gr","status":"publish","type":"product","link":"https:\/\/mentta.fastdelivery.es\/index.php\/producto\/queso-mezcla-curado-400gr\/","title":{"rendered":"QUESO MEZCLA CURADO 400gr"},"content":{"rendered":"<p>Queso de Mezcla Curado, textura firme y sabor refinado, calidad superior. Elaborado \u00a0a base de leche pasteurizada de vaca, cabra y oveja, m\u00e1s de cinco meses de curaci\u00f3n, ofrece unas caracter\u00edsticas organol\u00e9pticas magnificas.<\/p>\n<p>Curado en Aceite de Oliva,\u00a0 presentado en quesera, ba\u00f1ado con aceite de oliva aporta al queso un toque especial para los paladares m\u00e1s selectos.<\/p>\n","protected":false},"excerpt":{"rendered":"<p>Queso de Mezcla Curado, textura firme y sabor refinado, calidad superior. Elaborado \u00a0a base de leche pasteurizada de vaca, cabra y oveja, m\u00e1s de cinco meses de curaci\u00f3n, ofrece unas caracter\u00edsticas organol\u00e9pticas magnificas. Curado en Aceite de Oliva,\u00a0 presentado en quesera, ba\u00f1ado con aceite de oliva aporta al queso un toque especial para los paladares [&hellip;]<\/p>\n","protected":false},"featured_media":248015,"comment_status":"closed","ping_status":"closed","template":"","meta":[],"product_brand":[],"product_cat":[56],"product_tag":[],"class_list":{"0":"post-248014","1":"product","2":"type-product","3":"status-publish","4":"has-post-thumbnail","6":"product_cat-quesos","8":"first","9":"instock","10":"shipping-taxable","11":"purchasable","12":"product-type-simple"},"_links":{"self":[{"href":"https:\/\/mentta.fastdelivery.es\/index.php\/wp-json\/wp\/v2\/product\/248014","targetHints":{"allow":["GET"]}}],"collection":[{"href":"https:\/\/mentta.fastdelivery.es\/index.php\/wp-json\/wp\/v2\/product"}],"about":[{"href":"https:\/\/mentta.fastdelivery.es\/index.php\/wp-json\/wp\/v2\/types\/product"}],"replies":[{"embeddable":true,"href":"https:\/\/mentta.fastdelivery.es\/index.php\/wp-json\/wp\/v2\/comments?post=248014"}],"wp:featuredmedia":[{"embeddable":true,"href":"https:\/\/mentta.fastdelivery.es\/index.php\/wp-json\/wp\/v2\/media\/248015"}],"wp:attachment":[{"href":"https:\/\/mentta.fastdelivery.es\/index.php\/wp-json\/wp\/v2\/media?parent=248014"}],"wp:term":[{"taxonomy":"product_brand","embeddable":true,"href":"https:\/\/mentta.fastdelivery.es\/index.php\/wp-json\/wp\/v2\/product_brand?post=248014"},{"taxonomy":"product_cat","embeddable":true,"href":"https:\/\/mentta.fastdelivery.es\/index.php\/wp-json\/wp\/v2\/product_cat?post=248014"},{"taxonomy":"product_tag","embeddable":true,"href":"https:\/\/mentta.fastdelivery.es\/index.php\/wp-json\/wp\/v2\/product_tag?post=248014"}],"curies":[{"name":"wp","href":"https:\/\/api.w.org\/{rel}","templated":true}]}}