{"id":248029,"date":"2024-06-23T18:22:59","date_gmt":"2024-06-23T16:22:59","guid":{"rendered":"https:\/\/mentta.fastdelivery.es\/?post_type=product&#038;p=248029"},"modified":"2026-03-10T17:19:47","modified_gmt":"2026-03-10T16:19:47","slug":"chistorra-1-kg","status":"publish","type":"product","link":"https:\/\/mentta.fastdelivery.es\/index.php\/producto\/chistorra-1-kg\/","title":{"rendered":"Chistorra 1 Kg"},"content":{"rendered":"<p><strong>Chistorra<\/strong>, tambi\u00e9n conocida en otras zonas de Espa\u00f1a como chorizo fino.<\/p>\n<p>Las chistorras est\u00e1n compuestas de carne de cerdo picada y adobada con especias, principalmente de piment\u00f3n y elaboradas con el t\u00edpico sabor de pueblo.<\/p>\n<p>Es ideal para bocadillos o tapas, tambi\u00e9n puedes hacerla en la parrilla, barbacoa y en asados.<\/p>\n<p>Prueba a cocinarla con vino en una sart\u00e9n para darle un toque diferente.<\/p>\n<p>&nbsp;<\/p>\n<p>*Peso aprox del producto 1 kg<\/p>\n<p>*En la preparaci\u00f3n de productos frescos puede existir una ligera variaci\u00f3n del precio final en funci\u00f3n del peso.<\/p>\n","protected":false},"excerpt":{"rendered":"<p>Chistorra, tambi\u00e9n conocida en otras zonas de Espa\u00f1a como chorizo fino. Las chistorras est\u00e1n compuestas de carne de cerdo picada y adobada con especias, principalmente de piment\u00f3n y elaboradas con el t\u00edpico sabor de pueblo. Es ideal para bocadillos o tapas, tambi\u00e9n puedes hacerla en la parrilla, barbacoa y en asados. Prueba a cocinarla con [&hellip;]<\/p>\n","protected":false},"featured_media":248030,"comment_status":"closed","ping_status":"closed","template":"","meta":[],"product_brand":[],"product_cat":[61],"product_tag":[],"class_list":{"0":"post-248029","1":"product","2":"type-product","3":"status-publish","4":"has-post-thumbnail","6":"product_cat-embutidos-y-elaborados","8":"first","9":"instock","10":"shipping-taxable","11":"purchasable","12":"product-type-simple"},"_links":{"self":[{"href":"https:\/\/mentta.fastdelivery.es\/index.php\/wp-json\/wp\/v2\/product\/248029","targetHints":{"allow":["GET"]}}],"collection":[{"href":"https:\/\/mentta.fastdelivery.es\/index.php\/wp-json\/wp\/v2\/product"}],"about":[{"href":"https:\/\/mentta.fastdelivery.es\/index.php\/wp-json\/wp\/v2\/types\/product"}],"replies":[{"embeddable":true,"href":"https:\/\/mentta.fastdelivery.es\/index.php\/wp-json\/wp\/v2\/comments?post=248029"}],"wp:featuredmedia":[{"embeddable":true,"href":"https:\/\/mentta.fastdelivery.es\/index.php\/wp-json\/wp\/v2\/media\/248030"}],"wp:attachment":[{"href":"https:\/\/mentta.fastdelivery.es\/index.php\/wp-json\/wp\/v2\/media?parent=248029"}],"wp:term":[{"taxonomy":"product_brand","embeddable":true,"href":"https:\/\/mentta.fastdelivery.es\/index.php\/wp-json\/wp\/v2\/product_brand?post=248029"},{"taxonomy":"product_cat","embeddable":true,"href":"https:\/\/mentta.fastdelivery.es\/index.php\/wp-json\/wp\/v2\/product_cat?post=248029"},{"taxonomy":"product_tag","embeddable":true,"href":"https:\/\/mentta.fastdelivery.es\/index.php\/wp-json\/wp\/v2\/product_tag?post=248029"}],"curies":[{"name":"wp","href":"https:\/\/api.w.org\/{rel}","templated":true}]}}