{"id":248033,"date":"2024-06-23T18:29:53","date_gmt":"2024-06-23T16:29:53","guid":{"rendered":"https:\/\/mentta.fastdelivery.es\/?post_type=product&#038;p=248033"},"modified":"2026-03-10T17:19:47","modified_gmt":"2026-03-10T16:19:47","slug":"longaniza-blanca-fresca-12-kg","status":"publish","type":"product","link":"https:\/\/mentta.fastdelivery.es\/index.php\/producto\/longaniza-blanca-fresca-12-kg\/","title":{"rendered":"Longaniza Blanca Fresca 1,4 Kg"},"content":{"rendered":"<p>La\u00a0<strong>Longaniza\u00a0Blanca Fresca<\/strong>\u00a0tiene ganada justamente su fama. Producto de tradici\u00f3n, combina carne de cerdo con las mejores especias para obtener un embutido \u00fanico.<\/p>\n<p>El uso m\u00e1s t\u00edpico de la longaniza blanca es a la brasa o a la plancha, pero tambi\u00e9n son ideales para guisar.<\/p>\n<p>&nbsp;<\/p>\n<p>*Peso aprox del producto 1 kg<\/p>\n<p>*En la preparaci\u00f3n de productos frescos puede existir una ligera variaci\u00f3n del precio final en funci\u00f3n del peso.<\/p>\n","protected":false},"excerpt":{"rendered":"<p>La\u00a0Longaniza\u00a0Blanca Fresca\u00a0tiene ganada justamente su fama. Producto de tradici\u00f3n, combina carne de cerdo con las mejores especias para obtener un embutido \u00fanico. El uso m\u00e1s t\u00edpico de la longaniza blanca es a la brasa o a la plancha, pero tambi\u00e9n son ideales para guisar. &nbsp; *Peso aprox del producto 1 kg *En la preparaci\u00f3n de [&hellip;]<\/p>\n","protected":false},"featured_media":246747,"comment_status":"closed","ping_status":"closed","template":"","meta":[],"product_brand":[],"product_cat":[61],"product_tag":[],"class_list":{"0":"post-248033","1":"product","2":"type-product","3":"status-publish","4":"has-post-thumbnail","6":"product_cat-embutidos-y-elaborados","8":"first","9":"instock","10":"shipping-taxable","11":"purchasable","12":"product-type-simple"},"_links":{"self":[{"href":"https:\/\/mentta.fastdelivery.es\/index.php\/wp-json\/wp\/v2\/product\/248033","targetHints":{"allow":["GET"]}}],"collection":[{"href":"https:\/\/mentta.fastdelivery.es\/index.php\/wp-json\/wp\/v2\/product"}],"about":[{"href":"https:\/\/mentta.fastdelivery.es\/index.php\/wp-json\/wp\/v2\/types\/product"}],"replies":[{"embeddable":true,"href":"https:\/\/mentta.fastdelivery.es\/index.php\/wp-json\/wp\/v2\/comments?post=248033"}],"wp:featuredmedia":[{"embeddable":true,"href":"https:\/\/mentta.fastdelivery.es\/index.php\/wp-json\/wp\/v2\/media\/246747"}],"wp:attachment":[{"href":"https:\/\/mentta.fastdelivery.es\/index.php\/wp-json\/wp\/v2\/media?parent=248033"}],"wp:term":[{"taxonomy":"product_brand","embeddable":true,"href":"https:\/\/mentta.fastdelivery.es\/index.php\/wp-json\/wp\/v2\/product_brand?post=248033"},{"taxonomy":"product_cat","embeddable":true,"href":"https:\/\/mentta.fastdelivery.es\/index.php\/wp-json\/wp\/v2\/product_cat?post=248033"},{"taxonomy":"product_tag","embeddable":true,"href":"https:\/\/mentta.fastdelivery.es\/index.php\/wp-json\/wp\/v2\/product_tag?post=248033"}],"curies":[{"name":"wp","href":"https:\/\/api.w.org\/{rel}","templated":true}]}}