{"id":248044,"date":"2024-06-23T18:44:20","date_gmt":"2024-06-23T16:44:20","guid":{"rendered":"https:\/\/mentta.fastdelivery.es\/?post_type=product&#038;p=248044"},"modified":"2026-03-10T17:19:47","modified_gmt":"2026-03-10T16:19:47","slug":"morcilla-patatera-260-gr","status":"publish","type":"product","link":"https:\/\/mentta.fastdelivery.es\/index.php\/producto\/morcilla-patatera-260-gr\/","title":{"rendered":"Morcilla Patatera (260 gr)"},"content":{"rendered":"<p>La\u00a0<strong>Patatera<\/strong>\u00a0es un embutido que emplea una mezcla de grasa de cerdo ib\u00e9rico y patatas en pur\u00e9.<\/p>\n<p>Denominada\u00a0<strong>Morcilla Patatera<\/strong>, aunque este embutido no contiene sangre en su composici\u00f3n.<\/p>\n<p>Su apariencia exterior debido al contenido de piment\u00f3n es\u00a0<strong>muy similar al chorizo<\/strong>.<\/p>\n<p>La textura de su interior permite que pueda consumirse en rodajas o untado en pan, bien como aperitivo o entrante. \u00a1Es una delicia!<\/p>\n<p>*Peso aprox del producto pieza de 260 gr.<\/p>\n<p>*En la preparaci\u00f3n de productos frescos puede existir una ligera variaci\u00f3n del precio final en funci\u00f3n del peso.<\/p>\n","protected":false},"excerpt":{"rendered":"<p>La\u00a0Patatera\u00a0es un embutido que emplea una mezcla de grasa de cerdo ib\u00e9rico y patatas en pur\u00e9. Denominada\u00a0Morcilla Patatera, aunque este embutido no contiene sangre en su composici\u00f3n. Su apariencia exterior debido al contenido de piment\u00f3n es\u00a0muy similar al chorizo. La textura de su interior permite que pueda consumirse en rodajas o untado en pan, bien [&hellip;]<\/p>\n","protected":false},"featured_media":248045,"comment_status":"closed","ping_status":"closed","template":"","meta":[],"product_brand":[],"product_cat":[61],"product_tag":[],"class_list":{"0":"post-248044","1":"product","2":"type-product","3":"status-publish","4":"has-post-thumbnail","6":"product_cat-embutidos-y-elaborados","8":"first","9":"instock","10":"shipping-taxable","11":"purchasable","12":"product-type-simple"},"_links":{"self":[{"href":"https:\/\/mentta.fastdelivery.es\/index.php\/wp-json\/wp\/v2\/product\/248044","targetHints":{"allow":["GET"]}}],"collection":[{"href":"https:\/\/mentta.fastdelivery.es\/index.php\/wp-json\/wp\/v2\/product"}],"about":[{"href":"https:\/\/mentta.fastdelivery.es\/index.php\/wp-json\/wp\/v2\/types\/product"}],"replies":[{"embeddable":true,"href":"https:\/\/mentta.fastdelivery.es\/index.php\/wp-json\/wp\/v2\/comments?post=248044"}],"wp:featuredmedia":[{"embeddable":true,"href":"https:\/\/mentta.fastdelivery.es\/index.php\/wp-json\/wp\/v2\/media\/248045"}],"wp:attachment":[{"href":"https:\/\/mentta.fastdelivery.es\/index.php\/wp-json\/wp\/v2\/media?parent=248044"}],"wp:term":[{"taxonomy":"product_brand","embeddable":true,"href":"https:\/\/mentta.fastdelivery.es\/index.php\/wp-json\/wp\/v2\/product_brand?post=248044"},{"taxonomy":"product_cat","embeddable":true,"href":"https:\/\/mentta.fastdelivery.es\/index.php\/wp-json\/wp\/v2\/product_cat?post=248044"},{"taxonomy":"product_tag","embeddable":true,"href":"https:\/\/mentta.fastdelivery.es\/index.php\/wp-json\/wp\/v2\/product_tag?post=248044"}],"curies":[{"name":"wp","href":"https:\/\/api.w.org\/{rel}","templated":true}]}}