{"id":248076,"date":"2024-06-25T19:34:34","date_gmt":"2024-06-25T17:34:34","guid":{"rendered":"https:\/\/mentta.fastdelivery.es\/?post_type=product&#038;p=248076"},"modified":"2026-03-10T17:19:47","modified_gmt":"2026-03-10T16:19:47","slug":"lentejas-verdes-eston-a-granel-1-kg","status":"publish","type":"product","link":"https:\/\/mentta.fastdelivery.es\/index.php\/producto\/lentejas-verdes-eston-a-granel-1-kg\/","title":{"rendered":"Lentejas Verdes Eston a granel 1 Kg"},"content":{"rendered":"<p><strong>Lentejas Verdinas Eston<\/strong><\/p>\n<p>La\u00a0<strong>lenteja Verdin<\/strong>a, tambi\u00e9n denominada\u00a0<strong>lenteja Est\u00f3n<\/strong>\u00a0o l<strong>enteja de Lanzarote<\/strong>, es de peque\u00f1o tama\u00f1o, menos de 5 mm de di\u00e1metro.<\/p>\n<p>Color verde claro y con algunas tonalidades m\u00e1s oscuras.<\/p>\n<p>Estas legumbres secas son especialmente\u00a0<strong>ricas en fibra<\/strong>,\u00a0<strong>hierro<\/strong>\u00a0y\u00a0<strong>prote\u00ednas<\/strong>.<\/p>\n","protected":false},"excerpt":{"rendered":"<p>Lentejas Verdinas Eston La\u00a0lenteja Verdina, tambi\u00e9n denominada\u00a0lenteja Est\u00f3n\u00a0o lenteja de Lanzarote, es de peque\u00f1o tama\u00f1o, menos de 5 mm de di\u00e1metro. Color verde claro y con algunas tonalidades m\u00e1s oscuras. Estas legumbres secas son especialmente\u00a0ricas en fibra,\u00a0hierro\u00a0y\u00a0prote\u00ednas.<\/p>\n","protected":false},"featured_media":246797,"comment_status":"closed","ping_status":"closed","template":"","meta":[],"product_brand":[],"product_cat":[64],"product_tag":[],"class_list":{"0":"post-248076","1":"product","2":"type-product","3":"status-publish","4":"has-post-thumbnail","6":"product_cat-legumbres-a-granel","8":"first","9":"instock","10":"shipping-taxable","11":"purchasable","12":"product-type-simple"},"_links":{"self":[{"href":"https:\/\/mentta.fastdelivery.es\/index.php\/wp-json\/wp\/v2\/product\/248076","targetHints":{"allow":["GET"]}}],"collection":[{"href":"https:\/\/mentta.fastdelivery.es\/index.php\/wp-json\/wp\/v2\/product"}],"about":[{"href":"https:\/\/mentta.fastdelivery.es\/index.php\/wp-json\/wp\/v2\/types\/product"}],"replies":[{"embeddable":true,"href":"https:\/\/mentta.fastdelivery.es\/index.php\/wp-json\/wp\/v2\/comments?post=248076"}],"wp:featuredmedia":[{"embeddable":true,"href":"https:\/\/mentta.fastdelivery.es\/index.php\/wp-json\/wp\/v2\/media\/246797"}],"wp:attachment":[{"href":"https:\/\/mentta.fastdelivery.es\/index.php\/wp-json\/wp\/v2\/media?parent=248076"}],"wp:term":[{"taxonomy":"product_brand","embeddable":true,"href":"https:\/\/mentta.fastdelivery.es\/index.php\/wp-json\/wp\/v2\/product_brand?post=248076"},{"taxonomy":"product_cat","embeddable":true,"href":"https:\/\/mentta.fastdelivery.es\/index.php\/wp-json\/wp\/v2\/product_cat?post=248076"},{"taxonomy":"product_tag","embeddable":true,"href":"https:\/\/mentta.fastdelivery.es\/index.php\/wp-json\/wp\/v2\/product_tag?post=248076"}],"curies":[{"name":"wp","href":"https:\/\/api.w.org\/{rel}","templated":true}]}}