{"id":248089,"date":"2024-06-25T19:45:41","date_gmt":"2024-06-25T17:45:41","guid":{"rendered":"https:\/\/mentta.fastdelivery.es\/?post_type=product&#038;p=248089"},"modified":"2026-03-10T17:19:46","modified_gmt":"2026-03-10T16:19:46","slug":"alubia-blanca-ecologica-a-granel-1kg","status":"publish","type":"product","link":"https:\/\/mentta.fastdelivery.es\/index.php\/producto\/alubia-blanca-ecologica-a-granel-1kg\/","title":{"rendered":"Alubia Blanca a granel 1Kg"},"content":{"rendered":"<p><strong>Alubias Blancas Ecol\u00f3gicas<\/strong><\/p>\n<p>Las alubias blancas son de las m\u00e1s cotizadas y exquisitas de la gastronom\u00eda espa\u00f1ola.<\/p>\n<p>Su\u00a0color es blanco cremoso, con una piel muy lisa, forma oblonga y alargada.<\/p>\n<p>Una vez cocinadas, estas\u00a0<strong>Alubias Blancas<\/strong>, conservan estupendamente su forma.<\/p>\n<p>Destacan por su\u00a0<strong>gran contenido en prote\u00ednas<\/strong>,\u00a0<strong>hidratos de carbono<\/strong>,\u00a0<strong>fibra<\/strong>\u00a0e\u00a0<strong>hierro<\/strong>.<\/p>\n","protected":false},"excerpt":{"rendered":"<p>Alubias Blancas Ecol\u00f3gicas Las alubias blancas son de las m\u00e1s cotizadas y exquisitas de la gastronom\u00eda espa\u00f1ola. Su\u00a0color es blanco cremoso, con una piel muy lisa, forma oblonga y alargada. Una vez cocinadas, estas\u00a0Alubias Blancas, conservan estupendamente su forma. Destacan por su\u00a0gran contenido en prote\u00ednas,\u00a0hidratos de carbono,\u00a0fibra\u00a0e\u00a0hierro.<\/p>\n","protected":false},"featured_media":246811,"comment_status":"closed","ping_status":"closed","template":"","meta":[],"product_brand":[],"product_cat":[64],"product_tag":[],"class_list":{"0":"post-248089","1":"product","2":"type-product","3":"status-publish","4":"has-post-thumbnail","6":"product_cat-legumbres-a-granel","8":"first","9":"instock","10":"shipping-taxable","11":"purchasable","12":"product-type-simple"},"_links":{"self":[{"href":"https:\/\/mentta.fastdelivery.es\/index.php\/wp-json\/wp\/v2\/product\/248089","targetHints":{"allow":["GET"]}}],"collection":[{"href":"https:\/\/mentta.fastdelivery.es\/index.php\/wp-json\/wp\/v2\/product"}],"about":[{"href":"https:\/\/mentta.fastdelivery.es\/index.php\/wp-json\/wp\/v2\/types\/product"}],"replies":[{"embeddable":true,"href":"https:\/\/mentta.fastdelivery.es\/index.php\/wp-json\/wp\/v2\/comments?post=248089"}],"wp:featuredmedia":[{"embeddable":true,"href":"https:\/\/mentta.fastdelivery.es\/index.php\/wp-json\/wp\/v2\/media\/246811"}],"wp:attachment":[{"href":"https:\/\/mentta.fastdelivery.es\/index.php\/wp-json\/wp\/v2\/media?parent=248089"}],"wp:term":[{"taxonomy":"product_brand","embeddable":true,"href":"https:\/\/mentta.fastdelivery.es\/index.php\/wp-json\/wp\/v2\/product_brand?post=248089"},{"taxonomy":"product_cat","embeddable":true,"href":"https:\/\/mentta.fastdelivery.es\/index.php\/wp-json\/wp\/v2\/product_cat?post=248089"},{"taxonomy":"product_tag","embeddable":true,"href":"https:\/\/mentta.fastdelivery.es\/index.php\/wp-json\/wp\/v2\/product_tag?post=248089"}],"curies":[{"name":"wp","href":"https:\/\/api.w.org\/{rel}","templated":true}]}}