{"id":248092,"date":"2024-06-25T19:48:38","date_gmt":"2024-06-25T17:48:38","guid":{"rendered":"https:\/\/mentta.fastdelivery.es\/?post_type=product&#038;p=248092"},"modified":"2026-03-10T17:19:46","modified_gmt":"2026-03-10T16:19:46","slug":"alubias-blanca-rinon-selectas-1-kg","status":"publish","type":"product","link":"https:\/\/mentta.fastdelivery.es\/index.php\/producto\/alubias-blanca-rinon-selectas-1-kg\/","title":{"rendered":"Alubias Blanca Ri\u00f1\u00f3n Selectas 1 Kg"},"content":{"rendered":"<p><strong>Alubias\u00a0Blancas Ri\u00f1\u00f3n Selectas<\/strong><\/p>\n<p>Es una legumbre seca de origen nacional, su procedencia de cultivo pertenece a Castilla y Le\u00f3n.<\/p>\n<p>Las\u00a0<strong>alubias\u00a0o jud\u00edas\u00a0blancas<\/strong>\u00a0son de las m\u00e1s cotizadas y exquisitas de la gastronom\u00eda espa\u00f1ola.<\/p>\n<p>Su\u00a0color es blanco cremoso, con una piel muy lisa, forma oblonga y alargada.<\/p>\n<p>Una vez cocinadas, estas\u00a0<strong>Alubias Blancas<\/strong>, conservan estupendamente su forma.<\/p>\n<p>Destacan por su\u00a0<strong>gran contenido en prote\u00ednas<\/strong>,\u00a0<strong>hidratos de carbono<\/strong>,\u00a0<strong>fibra<\/strong>\u00a0e\u00a0<strong>hierro<\/strong>.<\/p>\n","protected":false},"excerpt":{"rendered":"<p>Alubias\u00a0Blancas Ri\u00f1\u00f3n Selectas Es una legumbre seca de origen nacional, su procedencia de cultivo pertenece a Castilla y Le\u00f3n. Las\u00a0alubias\u00a0o jud\u00edas\u00a0blancas\u00a0son de las m\u00e1s cotizadas y exquisitas de la gastronom\u00eda espa\u00f1ola. Su\u00a0color es blanco cremoso, con una piel muy lisa, forma oblonga y alargada. Una vez cocinadas, estas\u00a0Alubias Blancas, conservan estupendamente su forma. Destacan por [&hellip;]<\/p>\n","protected":false},"featured_media":248093,"comment_status":"closed","ping_status":"closed","template":"","meta":[],"product_brand":[],"product_cat":[64],"product_tag":[],"class_list":{"0":"post-248092","1":"product","2":"type-product","3":"status-publish","4":"has-post-thumbnail","6":"product_cat-legumbres-a-granel","8":"first","9":"instock","10":"shipping-taxable","11":"purchasable","12":"product-type-simple"},"_links":{"self":[{"href":"https:\/\/mentta.fastdelivery.es\/index.php\/wp-json\/wp\/v2\/product\/248092","targetHints":{"allow":["GET"]}}],"collection":[{"href":"https:\/\/mentta.fastdelivery.es\/index.php\/wp-json\/wp\/v2\/product"}],"about":[{"href":"https:\/\/mentta.fastdelivery.es\/index.php\/wp-json\/wp\/v2\/types\/product"}],"replies":[{"embeddable":true,"href":"https:\/\/mentta.fastdelivery.es\/index.php\/wp-json\/wp\/v2\/comments?post=248092"}],"wp:featuredmedia":[{"embeddable":true,"href":"https:\/\/mentta.fastdelivery.es\/index.php\/wp-json\/wp\/v2\/media\/248093"}],"wp:attachment":[{"href":"https:\/\/mentta.fastdelivery.es\/index.php\/wp-json\/wp\/v2\/media?parent=248092"}],"wp:term":[{"taxonomy":"product_brand","embeddable":true,"href":"https:\/\/mentta.fastdelivery.es\/index.php\/wp-json\/wp\/v2\/product_brand?post=248092"},{"taxonomy":"product_cat","embeddable":true,"href":"https:\/\/mentta.fastdelivery.es\/index.php\/wp-json\/wp\/v2\/product_cat?post=248092"},{"taxonomy":"product_tag","embeddable":true,"href":"https:\/\/mentta.fastdelivery.es\/index.php\/wp-json\/wp\/v2\/product_tag?post=248092"}],"curies":[{"name":"wp","href":"https:\/\/api.w.org\/{rel}","templated":true}]}}