{"id":248183,"date":"2024-06-27T08:04:04","date_gmt":"2024-06-27T06:04:04","guid":{"rendered":"https:\/\/mentta.fastdelivery.es\/?post_type=product&#038;p=248183"},"modified":"2026-03-10T17:16:29","modified_gmt":"2026-03-10T16:16:29","slug":"lomo-iberico-de-bellota-cinco-jotas-1kg-aprox","status":"publish","type":"product","link":"https:\/\/mentta.fastdelivery.es\/index.php\/producto\/lomo-iberico-de-bellota-cinco-jotas-1kg-aprox\/","title":{"rendered":"Lomo Ib\u00e9rico de Bellota Cinco Jotas 1kg aprox."},"content":{"rendered":"<p><strong>El lomo ib\u00e9rico Cinco Jotas<\/strong>\u00a0es la definici\u00f3n de exquisitez y encarna a la perfecci\u00f3n la pureza de esta raza \u00fanica.<\/p>\n<p>El lomo de bellota es una creaci\u00f3n sin igual que consiste en una pieza entera correspondiente a la masa muscular lumbar de los\u00a0<strong>cerdos 100% ib\u00e9ricos<\/strong>.<\/p>\n<p>Cada una de las piezas\u00a0<strong>Cinco Jotas<\/strong>\u00a0libera un sinf\u00edn de sabores y texturas que siempre conquistan a los cinco sentidos por su incomparable calidad y exquisitez.<\/p>\n<p>D\u00e9jate seducir por la intensidad de sabor del lomo ib\u00e9rico de bellota y compra la ca\u00f1a de lomo ib\u00e9rico Cinco Jotas.<\/p>\n","protected":false},"excerpt":{"rendered":"<p>El lomo ib\u00e9rico Cinco Jotas\u00a0es la definici\u00f3n de exquisitez y encarna a la perfecci\u00f3n la pureza de esta raza \u00fanica. El lomo de bellota es una creaci\u00f3n sin igual que consiste en una pieza entera correspondiente a la masa muscular lumbar de los\u00a0cerdos 100% ib\u00e9ricos. Cada una de las piezas\u00a0Cinco Jotas\u00a0libera un sinf\u00edn de sabores [&hellip;]<\/p>\n","protected":false},"featured_media":246928,"comment_status":"closed","ping_status":"closed","template":"","meta":[],"product_brand":[],"product_cat":[73],"product_tag":[],"class_list":{"0":"post-248183","1":"product","2":"type-product","3":"status-publish","4":"has-post-thumbnail","6":"product_cat-fiambres-y-embutidos","8":"first","9":"instock","10":"shipping-taxable","11":"purchasable","12":"product-type-simple"},"_links":{"self":[{"href":"https:\/\/mentta.fastdelivery.es\/index.php\/wp-json\/wp\/v2\/product\/248183","targetHints":{"allow":["GET"]}}],"collection":[{"href":"https:\/\/mentta.fastdelivery.es\/index.php\/wp-json\/wp\/v2\/product"}],"about":[{"href":"https:\/\/mentta.fastdelivery.es\/index.php\/wp-json\/wp\/v2\/types\/product"}],"replies":[{"embeddable":true,"href":"https:\/\/mentta.fastdelivery.es\/index.php\/wp-json\/wp\/v2\/comments?post=248183"}],"wp:featuredmedia":[{"embeddable":true,"href":"https:\/\/mentta.fastdelivery.es\/index.php\/wp-json\/wp\/v2\/media\/246928"}],"wp:attachment":[{"href":"https:\/\/mentta.fastdelivery.es\/index.php\/wp-json\/wp\/v2\/media?parent=248183"}],"wp:term":[{"taxonomy":"product_brand","embeddable":true,"href":"https:\/\/mentta.fastdelivery.es\/index.php\/wp-json\/wp\/v2\/product_brand?post=248183"},{"taxonomy":"product_cat","embeddable":true,"href":"https:\/\/mentta.fastdelivery.es\/index.php\/wp-json\/wp\/v2\/product_cat?post=248183"},{"taxonomy":"product_tag","embeddable":true,"href":"https:\/\/mentta.fastdelivery.es\/index.php\/wp-json\/wp\/v2\/product_tag?post=248183"}],"curies":[{"name":"wp","href":"https:\/\/api.w.org\/{rel}","templated":true}]}}