{"id":248195,"date":"2024-06-27T08:55:17","date_gmt":"2024-06-27T06:55:17","guid":{"rendered":"https:\/\/mentta.fastdelivery.es\/?post_type=product&#038;p=248195"},"modified":"2026-03-10T17:16:29","modified_gmt":"2026-03-10T16:16:29","slug":"panceta-lonchas-600-gr-aprox","status":"publish","type":"product","link":"https:\/\/mentta.fastdelivery.es\/index.php\/producto\/panceta-lonchas-600-gr-aprox\/","title":{"rendered":"Panceta Lonchas 600 gr aprox."},"content":{"rendered":"<p>La\u00a0<strong>Panceta en Lonchas<\/strong>, est\u00e1 formada por tocino entreverado, con vetas de carne magra.<\/p>\n<p>La panceta es un ingrediente esencial en cualquier barbacoa, una de las piezas m\u00e1s preferidas y econ\u00f3micas, tambi\u00e9n puedes prepararla en dados, troceada para\u00a0elaborar torreznos fritos, rellenos, cocidos y estofados.<\/p>\n<p>&nbsp;<\/p>\n<p>*Peso aprox del producto 600 gr.<\/p>\n<p>*En la preparaci\u00f3n de productos frescos puede existir una ligera variaci\u00f3n del precio final en funci\u00f3n del peso.<\/p>\n","protected":false},"excerpt":{"rendered":"<p>La\u00a0Panceta en Lonchas, est\u00e1 formada por tocino entreverado, con vetas de carne magra. La panceta es un ingrediente esencial en cualquier barbacoa, una de las piezas m\u00e1s preferidas y econ\u00f3micas, tambi\u00e9n puedes prepararla en dados, troceada para\u00a0elaborar torreznos fritos, rellenos, cocidos y estofados. &nbsp; *Peso aprox del producto 600 gr. *En la preparaci\u00f3n de productos [&hellip;]<\/p>\n","protected":false},"featured_media":246944,"comment_status":"closed","ping_status":"closed","template":"","meta":[],"product_brand":[],"product_cat":[65],"product_tag":[],"class_list":{"0":"post-248195","1":"product","2":"type-product","3":"status-publish","4":"has-post-thumbnail","6":"product_cat-bacon-y-panceta","8":"first","9":"instock","10":"shipping-taxable","11":"purchasable","12":"product-type-simple"},"_links":{"self":[{"href":"https:\/\/mentta.fastdelivery.es\/index.php\/wp-json\/wp\/v2\/product\/248195","targetHints":{"allow":["GET"]}}],"collection":[{"href":"https:\/\/mentta.fastdelivery.es\/index.php\/wp-json\/wp\/v2\/product"}],"about":[{"href":"https:\/\/mentta.fastdelivery.es\/index.php\/wp-json\/wp\/v2\/types\/product"}],"replies":[{"embeddable":true,"href":"https:\/\/mentta.fastdelivery.es\/index.php\/wp-json\/wp\/v2\/comments?post=248195"}],"wp:featuredmedia":[{"embeddable":true,"href":"https:\/\/mentta.fastdelivery.es\/index.php\/wp-json\/wp\/v2\/media\/246944"}],"wp:attachment":[{"href":"https:\/\/mentta.fastdelivery.es\/index.php\/wp-json\/wp\/v2\/media?parent=248195"}],"wp:term":[{"taxonomy":"product_brand","embeddable":true,"href":"https:\/\/mentta.fastdelivery.es\/index.php\/wp-json\/wp\/v2\/product_brand?post=248195"},{"taxonomy":"product_cat","embeddable":true,"href":"https:\/\/mentta.fastdelivery.es\/index.php\/wp-json\/wp\/v2\/product_cat?post=248195"},{"taxonomy":"product_tag","embeddable":true,"href":"https:\/\/mentta.fastdelivery.es\/index.php\/wp-json\/wp\/v2\/product_tag?post=248195"}],"curies":[{"name":"wp","href":"https:\/\/api.w.org\/{rel}","templated":true}]}}