{"id":248264,"date":"2024-07-02T16:49:32","date_gmt":"2024-07-02T14:49:32","guid":{"rendered":"https:\/\/mentta.fastdelivery.es\/?post_type=product&#038;p=248264"},"modified":"2026-03-10T17:16:28","modified_gmt":"2026-03-10T16:16:28","slug":"ariel-all-in-one-detergente-lavadora-en-18-capsulas","status":"publish","type":"product","link":"https:\/\/mentta.fastdelivery.es\/index.php\/producto\/ariel-all-in-one-detergente-lavadora-en-18-capsulas\/","title":{"rendered":"Ariel All-in-One Detergente Lavadora en 18 Capsulas"},"content":{"rendered":"<p>Detergente en c\u00e1psulas Ariel Todo En Uno PODS viene con una c\u00e1mara azul adicional y ofrece una acci\u00f3n antiolores 2 veces m\u00e1s potente incluso en lavados en fr\u00edo<\/p>\n","protected":false},"excerpt":{"rendered":"<p>Detergente en c\u00e1psulas Ariel Todo En Uno PODS viene con una c\u00e1mara azul adicional y ofrece una acci\u00f3n antiolores 2 veces m\u00e1s potente incluso en lavados en fr\u00edo<\/p>\n","protected":false},"featured_media":247024,"comment_status":"closed","ping_status":"closed","template":"","meta":[],"product_brand":[],"product_cat":[58],"product_tag":[],"class_list":{"0":"post-248264","1":"product","2":"type-product","3":"status-publish","4":"has-post-thumbnail","6":"product_cat-limpieza-y-hogar","8":"first","9":"instock","10":"shipping-taxable","11":"purchasable","12":"product-type-simple"},"_links":{"self":[{"href":"https:\/\/mentta.fastdelivery.es\/index.php\/wp-json\/wp\/v2\/product\/248264","targetHints":{"allow":["GET"]}}],"collection":[{"href":"https:\/\/mentta.fastdelivery.es\/index.php\/wp-json\/wp\/v2\/product"}],"about":[{"href":"https:\/\/mentta.fastdelivery.es\/index.php\/wp-json\/wp\/v2\/types\/product"}],"replies":[{"embeddable":true,"href":"https:\/\/mentta.fastdelivery.es\/index.php\/wp-json\/wp\/v2\/comments?post=248264"}],"wp:featuredmedia":[{"embeddable":true,"href":"https:\/\/mentta.fastdelivery.es\/index.php\/wp-json\/wp\/v2\/media\/247024"}],"wp:attachment":[{"href":"https:\/\/mentta.fastdelivery.es\/index.php\/wp-json\/wp\/v2\/media?parent=248264"}],"wp:term":[{"taxonomy":"product_brand","embeddable":true,"href":"https:\/\/mentta.fastdelivery.es\/index.php\/wp-json\/wp\/v2\/product_brand?post=248264"},{"taxonomy":"product_cat","embeddable":true,"href":"https:\/\/mentta.fastdelivery.es\/index.php\/wp-json\/wp\/v2\/product_cat?post=248264"},{"taxonomy":"product_tag","embeddable":true,"href":"https:\/\/mentta.fastdelivery.es\/index.php\/wp-json\/wp\/v2\/product_tag?post=248264"}],"curies":[{"name":"wp","href":"https:\/\/api.w.org\/{rel}","templated":true}]}}