{"id":248280,"date":"2024-07-04T08:30:24","date_gmt":"2024-07-04T06:30:24","guid":{"rendered":"https:\/\/mentta.fastdelivery.es\/?post_type=product&#038;p=248280"},"modified":"2026-03-10T17:16:28","modified_gmt":"2026-03-10T16:16:28","slug":"mahou-rose-pack-de-latas-24x33cl","status":"publish","type":"product","link":"https:\/\/mentta.fastdelivery.es\/index.php\/producto\/mahou-rose-pack-de-latas-24x33cl\/","title":{"rendered":"Mahou Ros\u00e9 Pack de latas 24x33cl."},"content":{"rendered":"<p>Mahou Ros\u00e9 es una cerveza lager Ros\u00e9 aromatizada con un toque de frutos rojos, lo que le aporta un sabor sorprendente y muy agradable y un extra de frescor, perfecto para los amantes de los sabores menos amargos.<\/p>\n<p>Informaci\u00f3n nutricional:<\/p>\n<ul>\n<li><strong>Calor\u00edas<\/strong>: 165 kcal<\/li>\n<li><strong>Carbohidratos<\/strong>: 14 g<\/li>\n<li><strong>Prote\u00ednas<\/strong>: 1.5 g<\/li>\n<li><strong>Alcohol<\/strong>: 5.5% vol.<\/li>\n<li><strong>Al\u00e9rgenos<\/strong>: Contiene gluten (derivado de la cebada). No se reportan otros al\u00e9rgenos<\/li>\n<li>Origen Espa\u00f1a<\/li>\n<\/ul>\n","protected":false},"excerpt":{"rendered":"<p>Mahou Ros\u00e9 es una cerveza lager Ros\u00e9 aromatizada con un toque de frutos rojos, lo que le aporta un sabor sorprendente y muy agradable y un extra de frescor, perfecto para los amantes de los sabores menos amargos. Informaci\u00f3n nutricional: Calor\u00edas: 165 kcal Carbohidratos: 14 g Prote\u00ednas: 1.5 g Alcohol: 5.5% vol. Al\u00e9rgenos: Contiene gluten [&hellip;]<\/p>\n","protected":false},"featured_media":247044,"comment_status":"closed","ping_status":"closed","template":"","meta":[],"product_brand":[],"product_cat":[45],"product_tag":[],"class_list":{"0":"post-248280","1":"product","2":"type-product","3":"status-publish","4":"has-post-thumbnail","6":"product_cat-cervezas-y-refrescos","8":"first","9":"instock","10":"shipping-taxable","11":"purchasable","12":"product-type-simple"},"_links":{"self":[{"href":"https:\/\/mentta.fastdelivery.es\/index.php\/wp-json\/wp\/v2\/product\/248280","targetHints":{"allow":["GET"]}}],"collection":[{"href":"https:\/\/mentta.fastdelivery.es\/index.php\/wp-json\/wp\/v2\/product"}],"about":[{"href":"https:\/\/mentta.fastdelivery.es\/index.php\/wp-json\/wp\/v2\/types\/product"}],"replies":[{"embeddable":true,"href":"https:\/\/mentta.fastdelivery.es\/index.php\/wp-json\/wp\/v2\/comments?post=248280"}],"wp:featuredmedia":[{"embeddable":true,"href":"https:\/\/mentta.fastdelivery.es\/index.php\/wp-json\/wp\/v2\/media\/247044"}],"wp:attachment":[{"href":"https:\/\/mentta.fastdelivery.es\/index.php\/wp-json\/wp\/v2\/media?parent=248280"}],"wp:term":[{"taxonomy":"product_brand","embeddable":true,"href":"https:\/\/mentta.fastdelivery.es\/index.php\/wp-json\/wp\/v2\/product_brand?post=248280"},{"taxonomy":"product_cat","embeddable":true,"href":"https:\/\/mentta.fastdelivery.es\/index.php\/wp-json\/wp\/v2\/product_cat?post=248280"},{"taxonomy":"product_tag","embeddable":true,"href":"https:\/\/mentta.fastdelivery.es\/index.php\/wp-json\/wp\/v2\/product_tag?post=248280"}],"curies":[{"name":"wp","href":"https:\/\/api.w.org\/{rel}","templated":true}]}}