{"id":248287,"date":"2024-07-04T09:02:58","date_gmt":"2024-07-04T07:02:58","guid":{"rendered":"https:\/\/mentta.fastdelivery.es\/?post_type=product&#038;p=248287"},"modified":"2026-03-10T17:16:27","modified_gmt":"2026-03-10T16:16:27","slug":"albondigas-huertas-415-gr","status":"publish","type":"product","link":"https:\/\/mentta.fastdelivery.es\/index.php\/producto\/albondigas-huertas-415-gr\/","title":{"rendered":"Alb\u00f3ndigas Huertas 415 Gr."},"content":{"rendered":"<h3><strong>BOTE ALB\u00d3NDIGAS 415GR<\/strong><\/h3>\n<ul>\n<li><strong>Ingredientes<\/strong>: Carne de cerdo y ternera, pan rallado (trigo), huevo, cebolla, ajo, perejil, sal, especias, aceite de oliva, tomate, agua.<\/li>\n<li><strong>Informaci\u00f3n nutricional<\/strong>\u00a0(por 100 g):\n<ul>\n<li>Energ\u00eda: 195 kcal<\/li>\n<li>Grasas: 14 g<\/li>\n<li>Hidratos de carbono: 8 g<\/li>\n<li>Az\u00facares: 2 g<\/li>\n<li>Prote\u00ednas: 10 g<\/li>\n<li>Sal: 1.5 g<\/li>\n<\/ul>\n<\/li>\n<li><strong>Al\u00e9rgenos<\/strong>: Contiene gluten, huevo. Puede contener trazas de soja.<\/li>\n<li>ORIGEN ESPA\u00d1A<\/li>\n<\/ul>\n","protected":false},"excerpt":{"rendered":"<p>BOTE ALB\u00d3NDIGAS 415GR Ingredientes: Carne de cerdo y ternera, pan rallado (trigo), huevo, cebolla, ajo, perejil, sal, especias, aceite de oliva, tomate, agua. Informaci\u00f3n nutricional\u00a0(por 100 g): Energ\u00eda: 195 kcal Grasas: 14 g Hidratos de carbono: 8 g Az\u00facares: 2 g Prote\u00ednas: 10 g Sal: 1.5 g Al\u00e9rgenos: Contiene gluten, huevo. Puede contener trazas de [&hellip;]<\/p>\n","protected":false},"featured_media":248288,"comment_status":"closed","ping_status":"closed","template":"","meta":[],"product_brand":[],"product_cat":[69],"product_tag":[],"class_list":{"0":"post-248287","1":"product","2":"type-product","3":"status-publish","4":"has-post-thumbnail","6":"product_cat-conservas","8":"first","9":"instock","10":"shipping-taxable","11":"purchasable","12":"product-type-simple"},"_links":{"self":[{"href":"https:\/\/mentta.fastdelivery.es\/index.php\/wp-json\/wp\/v2\/product\/248287","targetHints":{"allow":["GET"]}}],"collection":[{"href":"https:\/\/mentta.fastdelivery.es\/index.php\/wp-json\/wp\/v2\/product"}],"about":[{"href":"https:\/\/mentta.fastdelivery.es\/index.php\/wp-json\/wp\/v2\/types\/product"}],"replies":[{"embeddable":true,"href":"https:\/\/mentta.fastdelivery.es\/index.php\/wp-json\/wp\/v2\/comments?post=248287"}],"wp:featuredmedia":[{"embeddable":true,"href":"https:\/\/mentta.fastdelivery.es\/index.php\/wp-json\/wp\/v2\/media\/248288"}],"wp:attachment":[{"href":"https:\/\/mentta.fastdelivery.es\/index.php\/wp-json\/wp\/v2\/media?parent=248287"}],"wp:term":[{"taxonomy":"product_brand","embeddable":true,"href":"https:\/\/mentta.fastdelivery.es\/index.php\/wp-json\/wp\/v2\/product_brand?post=248287"},{"taxonomy":"product_cat","embeddable":true,"href":"https:\/\/mentta.fastdelivery.es\/index.php\/wp-json\/wp\/v2\/product_cat?post=248287"},{"taxonomy":"product_tag","embeddable":true,"href":"https:\/\/mentta.fastdelivery.es\/index.php\/wp-json\/wp\/v2\/product_tag?post=248287"}],"curies":[{"name":"wp","href":"https:\/\/api.w.org\/{rel}","templated":true}]}}