{"id":248350,"date":"2024-07-04T11:24:01","date_gmt":"2024-07-04T09:24:01","guid":{"rendered":"https:\/\/mentta.fastdelivery.es\/?post_type=product&#038;p=248350"},"modified":"2026-03-10T17:16:27","modified_gmt":"2026-03-10T16:16:27","slug":"lote-10-sobres-paleta-de-bellota-75-raza-iberica","status":"publish","type":"product","link":"https:\/\/mentta.fastdelivery.es\/index.php\/producto\/lote-10-sobres-paleta-de-bellota-75-raza-iberica\/","title":{"rendered":"Lote 10 Sobres Paleta de Bellota 75% Raza Ib\u00e9rica"},"content":{"rendered":"<p><strong>10 Sobres de Paleta de Bellota Ib\u00e9rica<\/strong>\u00a075% Raza Ib\u00e9rica<\/p>\n<p><strong>1 caja de cart\u00f3n decorada<\/strong>.<\/p>\n<p>Sobres de 100 gr, envasados al vac\u00edo.<\/p>\n<p>Debido a la preparaci\u00f3n especial del lote, el\u00a0<strong>tiempo de env\u00edo ser\u00e1 de 48 horas<\/strong>\u00a0(pedidos realizados antes de las 16:00h)<\/p>\n","protected":false},"excerpt":{"rendered":"<p>10 Sobres de Paleta de Bellota Ib\u00e9rica\u00a075% Raza Ib\u00e9rica 1 caja de cart\u00f3n decorada. Sobres de 100 gr, envasados al vac\u00edo. Debido a la preparaci\u00f3n especial del lote, el\u00a0tiempo de env\u00edo ser\u00e1 de 48 horas\u00a0(pedidos realizados antes de las 16:00h)<\/p>\n","protected":false},"featured_media":247127,"comment_status":"closed","ping_status":"closed","template":"","meta":[],"product_brand":[],"product_cat":[66],"product_tag":[],"class_list":{"0":"post-248350","1":"product","2":"type-product","3":"status-publish","4":"has-post-thumbnail","6":"product_cat-jamones-y-paletas","8":"first","9":"instock","10":"shipping-taxable","11":"purchasable","12":"product-type-simple"},"_links":{"self":[{"href":"https:\/\/mentta.fastdelivery.es\/index.php\/wp-json\/wp\/v2\/product\/248350","targetHints":{"allow":["GET"]}}],"collection":[{"href":"https:\/\/mentta.fastdelivery.es\/index.php\/wp-json\/wp\/v2\/product"}],"about":[{"href":"https:\/\/mentta.fastdelivery.es\/index.php\/wp-json\/wp\/v2\/types\/product"}],"replies":[{"embeddable":true,"href":"https:\/\/mentta.fastdelivery.es\/index.php\/wp-json\/wp\/v2\/comments?post=248350"}],"wp:featuredmedia":[{"embeddable":true,"href":"https:\/\/mentta.fastdelivery.es\/index.php\/wp-json\/wp\/v2\/media\/247127"}],"wp:attachment":[{"href":"https:\/\/mentta.fastdelivery.es\/index.php\/wp-json\/wp\/v2\/media?parent=248350"}],"wp:term":[{"taxonomy":"product_brand","embeddable":true,"href":"https:\/\/mentta.fastdelivery.es\/index.php\/wp-json\/wp\/v2\/product_brand?post=248350"},{"taxonomy":"product_cat","embeddable":true,"href":"https:\/\/mentta.fastdelivery.es\/index.php\/wp-json\/wp\/v2\/product_cat?post=248350"},{"taxonomy":"product_tag","embeddable":true,"href":"https:\/\/mentta.fastdelivery.es\/index.php\/wp-json\/wp\/v2\/product_tag?post=248350"}],"curies":[{"name":"wp","href":"https:\/\/api.w.org\/{rel}","templated":true}]}}