{"id":248385,"date":"2024-07-04T16:17:08","date_gmt":"2024-07-04T14:17:08","guid":{"rendered":"https:\/\/mentta.fastdelivery.es\/?post_type=product&#038;p=248385"},"modified":"2026-03-10T17:16:26","modified_gmt":"2026-03-10T16:16:26","slug":"chorizo-iberico-de-bellota-arturo-sanchez-125-kg-aprox","status":"publish","type":"product","link":"https:\/\/mentta.fastdelivery.es\/index.php\/producto\/chorizo-iberico-de-bellota-arturo-sanchez-125-kg-aprox\/","title":{"rendered":"Chorizo Ib\u00e9rico de Bellota Arturo S\u00e1nchez 1,25 kg aprox."},"content":{"rendered":"<p><strong>Chorizo Ib\u00e9rico de Bellota Arturo S\u00e1nchez<\/strong><\/p>\n<p>El chorizo ib\u00e9rico de bellota gran reserva es un producto de jugosidad y sabor \u00fanico e inigualable, fruto de una elaboraci\u00f3n de m\u00e1xima artesan\u00eda.<\/p>\n<p>Elaborado con las carnes m\u00e1s selectas del cerdo ib\u00e9rico de bellota y embuchado en tripa natural, es adobado con especias naturales, atado a mano y secado en campana con le\u00f1a de encina.<\/p>\n<p>La curaci\u00f3n en secaderos naturales se realiza durante m\u00e1s de cinco meses.<\/p>\n<p>*Piezas de 1 &#8211; 1,5 kg aprox. por lo que puede existir una ligera variaci\u00f3n en el precio final del producto.<\/p>\n","protected":false},"excerpt":{"rendered":"<p>Chorizo Ib\u00e9rico de Bellota Arturo S\u00e1nchez El chorizo ib\u00e9rico de bellota gran reserva es un producto de jugosidad y sabor \u00fanico e inigualable, fruto de una elaboraci\u00f3n de m\u00e1xima artesan\u00eda. Elaborado con las carnes m\u00e1s selectas del cerdo ib\u00e9rico de bellota y embuchado en tripa natural, es adobado con especias naturales, atado a mano y [&hellip;]<\/p>\n","protected":false},"featured_media":247155,"comment_status":"closed","ping_status":"closed","template":"","meta":[],"product_brand":[],"product_cat":[73],"product_tag":[],"class_list":{"0":"post-248385","1":"product","2":"type-product","3":"status-publish","4":"has-post-thumbnail","6":"product_cat-fiambres-y-embutidos","8":"first","9":"instock","10":"shipping-taxable","11":"purchasable","12":"product-type-simple"},"_links":{"self":[{"href":"https:\/\/mentta.fastdelivery.es\/index.php\/wp-json\/wp\/v2\/product\/248385","targetHints":{"allow":["GET"]}}],"collection":[{"href":"https:\/\/mentta.fastdelivery.es\/index.php\/wp-json\/wp\/v2\/product"}],"about":[{"href":"https:\/\/mentta.fastdelivery.es\/index.php\/wp-json\/wp\/v2\/types\/product"}],"replies":[{"embeddable":true,"href":"https:\/\/mentta.fastdelivery.es\/index.php\/wp-json\/wp\/v2\/comments?post=248385"}],"wp:featuredmedia":[{"embeddable":true,"href":"https:\/\/mentta.fastdelivery.es\/index.php\/wp-json\/wp\/v2\/media\/247155"}],"wp:attachment":[{"href":"https:\/\/mentta.fastdelivery.es\/index.php\/wp-json\/wp\/v2\/media?parent=248385"}],"wp:term":[{"taxonomy":"product_brand","embeddable":true,"href":"https:\/\/mentta.fastdelivery.es\/index.php\/wp-json\/wp\/v2\/product_brand?post=248385"},{"taxonomy":"product_cat","embeddable":true,"href":"https:\/\/mentta.fastdelivery.es\/index.php\/wp-json\/wp\/v2\/product_cat?post=248385"},{"taxonomy":"product_tag","embeddable":true,"href":"https:\/\/mentta.fastdelivery.es\/index.php\/wp-json\/wp\/v2\/product_tag?post=248385"}],"curies":[{"name":"wp","href":"https:\/\/api.w.org\/{rel}","templated":true}]}}