{"id":248386,"date":"2024-07-04T16:18:01","date_gmt":"2024-07-04T14:18:01","guid":{"rendered":"https:\/\/mentta.fastdelivery.es\/?post_type=product&#038;p=248386"},"modified":"2026-03-10T17:16:26","modified_gmt":"2026-03-10T16:16:26","slug":"salchichon-iberico-de-bellota-joselito-125-kg-aprox","status":"publish","type":"product","link":"https:\/\/mentta.fastdelivery.es\/index.php\/producto\/salchichon-iberico-de-bellota-joselito-125-kg-aprox\/","title":{"rendered":"Salchich\u00f3n Ib\u00e9rico de Bellota Joselito 1,25 kg aprox."},"content":{"rendered":"<p><strong>Salchich\u00f3n Ib\u00e9rico de Bellota Joselito<\/strong><\/p>\n<p>Elaborado con piezas nobles del cerdo ib\u00e9rico. Presenta un aroma intenso y gran equilibrio entre grasa, magro de carne y el punto perfecto de pimienta y ajo.<\/p>\n<p>Sabor fresco y delicado, textura tierna y jugosa derivada de su doble picado.<\/p>\n<p>Curaci\u00f3n en secaderos y bodegas naturales.<\/p>\n<p>*Piezas de 1 &#8211; 1,5 kg aprox. por lo que puede existir una ligera variaci\u00f3n en el precio final del producto.<\/p>\n","protected":false},"excerpt":{"rendered":"<p>Salchich\u00f3n Ib\u00e9rico de Bellota Joselito Elaborado con piezas nobles del cerdo ib\u00e9rico. Presenta un aroma intenso y gran equilibrio entre grasa, magro de carne y el punto perfecto de pimienta y ajo. Sabor fresco y delicado, textura tierna y jugosa derivada de su doble picado. Curaci\u00f3n en secaderos y bodegas naturales. *Piezas de 1 &#8211; [&hellip;]<\/p>\n","protected":false},"featured_media":248387,"comment_status":"closed","ping_status":"closed","template":"","meta":[],"product_brand":[],"product_cat":[73],"product_tag":[],"class_list":{"0":"post-248386","1":"product","2":"type-product","3":"status-publish","4":"has-post-thumbnail","6":"product_cat-fiambres-y-embutidos","8":"first","9":"instock","10":"shipping-taxable","11":"purchasable","12":"product-type-simple"},"_links":{"self":[{"href":"https:\/\/mentta.fastdelivery.es\/index.php\/wp-json\/wp\/v2\/product\/248386","targetHints":{"allow":["GET"]}}],"collection":[{"href":"https:\/\/mentta.fastdelivery.es\/index.php\/wp-json\/wp\/v2\/product"}],"about":[{"href":"https:\/\/mentta.fastdelivery.es\/index.php\/wp-json\/wp\/v2\/types\/product"}],"replies":[{"embeddable":true,"href":"https:\/\/mentta.fastdelivery.es\/index.php\/wp-json\/wp\/v2\/comments?post=248386"}],"wp:featuredmedia":[{"embeddable":true,"href":"https:\/\/mentta.fastdelivery.es\/index.php\/wp-json\/wp\/v2\/media\/248387"}],"wp:attachment":[{"href":"https:\/\/mentta.fastdelivery.es\/index.php\/wp-json\/wp\/v2\/media?parent=248386"}],"wp:term":[{"taxonomy":"product_brand","embeddable":true,"href":"https:\/\/mentta.fastdelivery.es\/index.php\/wp-json\/wp\/v2\/product_brand?post=248386"},{"taxonomy":"product_cat","embeddable":true,"href":"https:\/\/mentta.fastdelivery.es\/index.php\/wp-json\/wp\/v2\/product_cat?post=248386"},{"taxonomy":"product_tag","embeddable":true,"href":"https:\/\/mentta.fastdelivery.es\/index.php\/wp-json\/wp\/v2\/product_tag?post=248386"}],"curies":[{"name":"wp","href":"https:\/\/api.w.org\/{rel}","templated":true}]}}