{"id":248490,"date":"2024-08-18T10:31:59","date_gmt":"2024-08-18T08:31:59","guid":{"rendered":"https:\/\/mentta.fastdelivery.es\/?post_type=product&#038;p=248490"},"modified":"2026-03-10T17:15:30","modified_gmt":"2026-03-10T16:15:30","slug":"pan-de-leche-la-bella-easo-315-gr","status":"publish","type":"product","link":"https:\/\/mentta.fastdelivery.es\/index.php\/producto\/pan-de-leche-la-bella-easo-315-gr\/","title":{"rendered":"PAN DE LECHE LA BELLA EASO 315 GR"},"content":{"rendered":"<h3><strong>PAN DE LECHE LA BELLA EASO 315 GR<\/strong><\/h3>\n<ul>\n<li><strong>Ingredientes<\/strong>: Harina de trigo, agua, az\u00facar, mantequilla (leche), leche entera en polvo, huevo l\u00edquido, levadura, sal, emulgentes (E471, E472e), aromas, conservador (E282).<\/li>\n<li><strong>Informaci\u00f3n nutricional<\/strong>\u00a0(por 100 g):\n<ul>\n<li>Energ\u00eda: 312 kcal<\/li>\n<li>Grasas: 8.7 g<\/li>\n<li>Hidratos de carbono: 50 g<\/li>\n<li>Az\u00facares: 13 g<\/li>\n<li>Fibra: 2.4 g<\/li>\n<li>Prote\u00ednas: 8.3 g<\/li>\n<li>Sal: 0.75 g<\/li>\n<\/ul>\n<\/li>\n<li><strong>Al\u00e9rgenos<\/strong>: Contiene trigo (gluten), leche, huevo. Puede contener trazas de soja y frutos secos.<\/li>\n<li>Origen Espa\u00f1a<\/li>\n<\/ul>\n","protected":false},"excerpt":{"rendered":"<p>PAN DE LECHE LA BELLA EASO 315 GR Ingredientes: Harina de trigo, agua, az\u00facar, mantequilla (leche), leche entera en polvo, huevo l\u00edquido, levadura, sal, emulgentes (E471, E472e), aromas, conservador (E282). Informaci\u00f3n nutricional\u00a0(por 100 g): Energ\u00eda: 312 kcal Grasas: 8.7 g Hidratos de carbono: 50 g Az\u00facares: 13 g Fibra: 2.4 g Prote\u00ednas: 8.3 g Sal: [&hellip;]<\/p>\n","protected":false},"featured_media":247300,"comment_status":"closed","ping_status":"closed","template":"","meta":[],"product_brand":[],"product_cat":[86],"product_tag":[],"class_list":{"0":"post-248490","1":"product","2":"type-product","3":"status-publish","4":"has-post-thumbnail","6":"product_cat-desayunos","8":"first","9":"instock","10":"shipping-taxable","11":"purchasable","12":"product-type-simple"},"_links":{"self":[{"href":"https:\/\/mentta.fastdelivery.es\/index.php\/wp-json\/wp\/v2\/product\/248490","targetHints":{"allow":["GET"]}}],"collection":[{"href":"https:\/\/mentta.fastdelivery.es\/index.php\/wp-json\/wp\/v2\/product"}],"about":[{"href":"https:\/\/mentta.fastdelivery.es\/index.php\/wp-json\/wp\/v2\/types\/product"}],"replies":[{"embeddable":true,"href":"https:\/\/mentta.fastdelivery.es\/index.php\/wp-json\/wp\/v2\/comments?post=248490"}],"wp:featuredmedia":[{"embeddable":true,"href":"https:\/\/mentta.fastdelivery.es\/index.php\/wp-json\/wp\/v2\/media\/247300"}],"wp:attachment":[{"href":"https:\/\/mentta.fastdelivery.es\/index.php\/wp-json\/wp\/v2\/media?parent=248490"}],"wp:term":[{"taxonomy":"product_brand","embeddable":true,"href":"https:\/\/mentta.fastdelivery.es\/index.php\/wp-json\/wp\/v2\/product_brand?post=248490"},{"taxonomy":"product_cat","embeddable":true,"href":"https:\/\/mentta.fastdelivery.es\/index.php\/wp-json\/wp\/v2\/product_cat?post=248490"},{"taxonomy":"product_tag","embeddable":true,"href":"https:\/\/mentta.fastdelivery.es\/index.php\/wp-json\/wp\/v2\/product_tag?post=248490"}],"curies":[{"name":"wp","href":"https:\/\/api.w.org\/{rel}","templated":true}]}}