{"id":248495,"date":"2024-08-18T10:37:59","date_gmt":"2024-08-18T08:37:59","guid":{"rendered":"https:\/\/mentta.fastdelivery.es\/?post_type=product&#038;p=248495"},"modified":"2026-03-10T17:15:30","modified_gmt":"2026-03-10T16:15:30","slug":"galletas-maria-fontaneda-800gr","status":"publish","type":"product","link":"https:\/\/mentta.fastdelivery.es\/index.php\/producto\/galletas-maria-fontaneda-800gr\/","title":{"rendered":"GALLETAS MARIA FONTANEDA 800GR"},"content":{"rendered":"<h3><strong>GALLETAS MARIA FONTANEDA 800GR<\/strong><\/h3>\n<ul>\n<li><strong>Ingredientes<\/strong>: Harina de trigo, az\u00facar, aceites vegetales (girasol, palma), jarabe de glucosa y fructosa, gasificantes (E503ii, E500ii), sal, emulgente (E322, lecitina de soja), aromas.<\/li>\n<li><strong>Informaci\u00f3n nutricional<\/strong>\u00a0(por 100 g):\n<ul>\n<li>Energ\u00eda: 448 kcal<\/li>\n<li>Grasas: 15 g<\/li>\n<li>Hidratos de carbono: 71 g<\/li>\n<li>Az\u00facares: 20 g<\/li>\n<li>Fibra: 3.4 g<\/li>\n<li>Prote\u00ednas: 6.9 g<\/li>\n<li>Sal: 0.8 g<\/li>\n<\/ul>\n<\/li>\n<li><strong>Al\u00e9rgenos<\/strong>: Contiene trigo (gluten), soja. Puede contener trazas de leche y huevo.<\/li>\n<li>Origen Espa\u00f1a<\/li>\n<\/ul>\n","protected":false},"excerpt":{"rendered":"<p>GALLETAS MARIA FONTANEDA 800GR Ingredientes: Harina de trigo, az\u00facar, aceites vegetales (girasol, palma), jarabe de glucosa y fructosa, gasificantes (E503ii, E500ii), sal, emulgente (E322, lecitina de soja), aromas. Informaci\u00f3n nutricional\u00a0(por 100 g): Energ\u00eda: 448 kcal Grasas: 15 g Hidratos de carbono: 71 g Az\u00facares: 20 g Fibra: 3.4 g Prote\u00ednas: 6.9 g Sal: 0.8 g [&hellip;]<\/p>\n","protected":false},"featured_media":247306,"comment_status":"closed","ping_status":"closed","template":"","meta":[],"product_brand":[],"product_cat":[86],"product_tag":[],"class_list":{"0":"post-248495","1":"product","2":"type-product","3":"status-publish","4":"has-post-thumbnail","6":"product_cat-desayunos","8":"first","9":"instock","10":"shipping-taxable","11":"purchasable","12":"product-type-simple"},"_links":{"self":[{"href":"https:\/\/mentta.fastdelivery.es\/index.php\/wp-json\/wp\/v2\/product\/248495","targetHints":{"allow":["GET"]}}],"collection":[{"href":"https:\/\/mentta.fastdelivery.es\/index.php\/wp-json\/wp\/v2\/product"}],"about":[{"href":"https:\/\/mentta.fastdelivery.es\/index.php\/wp-json\/wp\/v2\/types\/product"}],"replies":[{"embeddable":true,"href":"https:\/\/mentta.fastdelivery.es\/index.php\/wp-json\/wp\/v2\/comments?post=248495"}],"wp:featuredmedia":[{"embeddable":true,"href":"https:\/\/mentta.fastdelivery.es\/index.php\/wp-json\/wp\/v2\/media\/247306"}],"wp:attachment":[{"href":"https:\/\/mentta.fastdelivery.es\/index.php\/wp-json\/wp\/v2\/media?parent=248495"}],"wp:term":[{"taxonomy":"product_brand","embeddable":true,"href":"https:\/\/mentta.fastdelivery.es\/index.php\/wp-json\/wp\/v2\/product_brand?post=248495"},{"taxonomy":"product_cat","embeddable":true,"href":"https:\/\/mentta.fastdelivery.es\/index.php\/wp-json\/wp\/v2\/product_cat?post=248495"},{"taxonomy":"product_tag","embeddable":true,"href":"https:\/\/mentta.fastdelivery.es\/index.php\/wp-json\/wp\/v2\/product_tag?post=248495"}],"curies":[{"name":"wp","href":"https:\/\/api.w.org\/{rel}","templated":true}]}}