{"id":248816,"date":"2025-05-21T17:26:55","date_gmt":"2025-05-21T15:26:55","guid":{"rendered":"https:\/\/mentta.fastdelivery.es\/index.php\/producto\/desodorante-nivea-rolon-proct-woman-50-ml\/"},"modified":"2026-03-10T17:15:26","modified_gmt":"2026-03-10T16:15:26","slug":"desodorante-nivea-rolon-proct-woman-50-ml","status":"publish","type":"product","link":"https:\/\/mentta.fastdelivery.es\/index.php\/producto\/desodorante-nivea-rolon-proct-woman-50-ml\/","title":{"rendered":"DESODORANTE NIVEA ROLON PROCT. WOMAN 50 ML"},"content":{"rendered":"<p>El Desodorante Nivea Protect &amp; Care Roll-On para mujer (50 ml) ofrece una combinaci\u00f3n perfecta de protecci\u00f3n duradera y cuidado suave. Enriquecido con los ingredientes del ic\u00f3nico cuidado de Nivea Creme, protege contra el mal olor durante 48 horas sin irritar la piel. Su textura suave y su fragancia cl\u00e1sica te mantendr\u00e1n fresca, cuidada y protegida todo el d\u00eda.<\/p>\n","protected":false},"excerpt":{"rendered":"<p>Desodorante Nivea roll-on Protect &amp; Care para mujer, 50 ml. Protecci\u00f3n eficaz y cuidado con el aroma cl\u00e1sico de Nivea.<\/p>\n","protected":false},"featured_media":248815,"comment_status":"open","ping_status":"closed","template":"","meta":[],"product_brand":[],"product_cat":[142],"product_tag":[],"class_list":{"0":"post-248816","1":"product","2":"type-product","3":"status-publish","4":"has-post-thumbnail","6":"product_cat-despensa","8":"first","9":"instock","10":"shipping-taxable","11":"purchasable","12":"product-type-simple"},"_links":{"self":[{"href":"https:\/\/mentta.fastdelivery.es\/index.php\/wp-json\/wp\/v2\/product\/248816","targetHints":{"allow":["GET"]}}],"collection":[{"href":"https:\/\/mentta.fastdelivery.es\/index.php\/wp-json\/wp\/v2\/product"}],"about":[{"href":"https:\/\/mentta.fastdelivery.es\/index.php\/wp-json\/wp\/v2\/types\/product"}],"replies":[{"embeddable":true,"href":"https:\/\/mentta.fastdelivery.es\/index.php\/wp-json\/wp\/v2\/comments?post=248816"}],"wp:featuredmedia":[{"embeddable":true,"href":"https:\/\/mentta.fastdelivery.es\/index.php\/wp-json\/wp\/v2\/media\/248815"}],"wp:attachment":[{"href":"https:\/\/mentta.fastdelivery.es\/index.php\/wp-json\/wp\/v2\/media?parent=248816"}],"wp:term":[{"taxonomy":"product_brand","embeddable":true,"href":"https:\/\/mentta.fastdelivery.es\/index.php\/wp-json\/wp\/v2\/product_brand?post=248816"},{"taxonomy":"product_cat","embeddable":true,"href":"https:\/\/mentta.fastdelivery.es\/index.php\/wp-json\/wp\/v2\/product_cat?post=248816"},{"taxonomy":"product_tag","embeddable":true,"href":"https:\/\/mentta.fastdelivery.es\/index.php\/wp-json\/wp\/v2\/product_tag?post=248816"}],"curies":[{"name":"wp","href":"https:\/\/api.w.org\/{rel}","templated":true}]}}