{"id":248824,"date":"2025-05-21T17:27:00","date_gmt":"2025-05-21T15:27:00","guid":{"rendered":"https:\/\/mentta.fastdelivery.es\/index.php\/producto\/cepillo-dentrifico-pro-expert-3d-white\/"},"modified":"2026-03-10T17:15:26","modified_gmt":"2026-03-10T16:15:26","slug":"cepillo-dentrifico-pro-expert-3d-white","status":"publish","type":"product","link":"https:\/\/mentta.fastdelivery.es\/index.php\/producto\/cepillo-dentrifico-pro-expert-3d-white\/","title":{"rendered":"CEPILLO DENTRIFICO PRO EXPERT 3D WHITE"},"content":{"rendered":"<p>El Cepillo Dental Oral-B Pro-Expert 3D White est\u00e1 dise\u00f1ado para ayudarte a lograr una sonrisa visiblemente m\u00e1s blanca desde el primer uso. Sus filamentos especiales y copa pulidora ayudan a eliminar manchas superficiales causadas por alimentos, bebidas y tabaco. Su cabezal ergon\u00f3mico permite una limpieza eficaz en cada rinc\u00f3n de la boca, cuidando el esmalte y las enc\u00edas.<\/p>\n","protected":false},"excerpt":{"rendered":"<p>Cepillo dental Oral-B Pro-Expert 3D White, elimina manchas y pule suavemente para una sonrisa m\u00e1s blanca.<\/p>\n","protected":false},"featured_media":248823,"comment_status":"open","ping_status":"closed","template":"","meta":[],"product_brand":[],"product_cat":[142],"product_tag":[],"class_list":{"0":"post-248824","1":"product","2":"type-product","3":"status-publish","4":"has-post-thumbnail","6":"product_cat-despensa","8":"first","9":"instock","10":"shipping-taxable","11":"purchasable","12":"product-type-simple"},"_links":{"self":[{"href":"https:\/\/mentta.fastdelivery.es\/index.php\/wp-json\/wp\/v2\/product\/248824","targetHints":{"allow":["GET"]}}],"collection":[{"href":"https:\/\/mentta.fastdelivery.es\/index.php\/wp-json\/wp\/v2\/product"}],"about":[{"href":"https:\/\/mentta.fastdelivery.es\/index.php\/wp-json\/wp\/v2\/types\/product"}],"replies":[{"embeddable":true,"href":"https:\/\/mentta.fastdelivery.es\/index.php\/wp-json\/wp\/v2\/comments?post=248824"}],"wp:featuredmedia":[{"embeddable":true,"href":"https:\/\/mentta.fastdelivery.es\/index.php\/wp-json\/wp\/v2\/media\/248823"}],"wp:attachment":[{"href":"https:\/\/mentta.fastdelivery.es\/index.php\/wp-json\/wp\/v2\/media?parent=248824"}],"wp:term":[{"taxonomy":"product_brand","embeddable":true,"href":"https:\/\/mentta.fastdelivery.es\/index.php\/wp-json\/wp\/v2\/product_brand?post=248824"},{"taxonomy":"product_cat","embeddable":true,"href":"https:\/\/mentta.fastdelivery.es\/index.php\/wp-json\/wp\/v2\/product_cat?post=248824"},{"taxonomy":"product_tag","embeddable":true,"href":"https:\/\/mentta.fastdelivery.es\/index.php\/wp-json\/wp\/v2\/product_tag?post=248824"}],"curies":[{"name":"wp","href":"https:\/\/api.w.org\/{rel}","templated":true}]}}