{"id":248843,"date":"2025-05-21T17:27:33","date_gmt":"2025-05-21T15:27:33","guid":{"rendered":"https:\/\/mentta.fastdelivery.es\/index.php\/producto\/espuma-pantene-risos-suaves-200-ml\/"},"modified":"2026-03-10T17:15:26","modified_gmt":"2026-03-10T16:15:26","slug":"espuma-pantene-risos-suaves-200-ml","status":"publish","type":"product","link":"https:\/\/mentta.fastdelivery.es\/index.php\/producto\/espuma-pantene-risos-suaves-200-ml\/","title":{"rendered":"ESPUMA PANTENE RISOS SUAVES 200 ML"},"content":{"rendered":"<p>La Espuma Pantene Rizos Suaves 200 ml est\u00e1 formulada para definir y controlar rizos sin apelmazar el cabello. Gracias a su f\u00f3rmula Pro-V con micro-nutrientes, proporciona hidrataci\u00f3n, elasticidad y suavidad, dejando los rizos sueltos, brillantes y con movimiento natural. Ideal para uso diario en cabellos rizados u ondulados.<\/p>\n","protected":false},"excerpt":{"rendered":"<p>Espuma Pantene Rizos Suaves 200 ml, define rizos con suavidad y movimiento natural.<\/p>\n","protected":false},"featured_media":248842,"comment_status":"open","ping_status":"closed","template":"","meta":[],"product_brand":[],"product_cat":[142],"product_tag":[],"class_list":{"0":"post-248843","1":"product","2":"type-product","3":"status-publish","4":"has-post-thumbnail","6":"product_cat-despensa","8":"first","9":"instock","10":"shipping-taxable","11":"purchasable","12":"product-type-simple"},"_links":{"self":[{"href":"https:\/\/mentta.fastdelivery.es\/index.php\/wp-json\/wp\/v2\/product\/248843","targetHints":{"allow":["GET"]}}],"collection":[{"href":"https:\/\/mentta.fastdelivery.es\/index.php\/wp-json\/wp\/v2\/product"}],"about":[{"href":"https:\/\/mentta.fastdelivery.es\/index.php\/wp-json\/wp\/v2\/types\/product"}],"replies":[{"embeddable":true,"href":"https:\/\/mentta.fastdelivery.es\/index.php\/wp-json\/wp\/v2\/comments?post=248843"}],"wp:featuredmedia":[{"embeddable":true,"href":"https:\/\/mentta.fastdelivery.es\/index.php\/wp-json\/wp\/v2\/media\/248842"}],"wp:attachment":[{"href":"https:\/\/mentta.fastdelivery.es\/index.php\/wp-json\/wp\/v2\/media?parent=248843"}],"wp:term":[{"taxonomy":"product_brand","embeddable":true,"href":"https:\/\/mentta.fastdelivery.es\/index.php\/wp-json\/wp\/v2\/product_brand?post=248843"},{"taxonomy":"product_cat","embeddable":true,"href":"https:\/\/mentta.fastdelivery.es\/index.php\/wp-json\/wp\/v2\/product_cat?post=248843"},{"taxonomy":"product_tag","embeddable":true,"href":"https:\/\/mentta.fastdelivery.es\/index.php\/wp-json\/wp\/v2\/product_tag?post=248843"}],"curies":[{"name":"wp","href":"https:\/\/api.w.org\/{rel}","templated":true}]}}