{"id":248874,"date":"2025-05-21T17:28:09","date_gmt":"2025-05-21T15:28:09","guid":{"rendered":"https:\/\/mentta.fastdelivery.es\/index.php\/producto\/papilla-hero-8-cereales-340-grs\/"},"modified":"2026-03-10T17:15:26","modified_gmt":"2026-03-10T16:15:26","slug":"papilla-hero-8-cereales-340-grs","status":"publish","type":"product","link":"https:\/\/mentta.fastdelivery.es\/index.php\/producto\/papilla-hero-8-cereales-340-grs\/","title":{"rendered":"PAPILLA HERO 8 CEREALES 340 GRS"},"content":{"rendered":"<p>La Papilla Hero Baby 8 Cereales 340 g ofrece una mezcla equilibrada de cereales adaptada a las necesidades del beb\u00e9. Enriquecida con vitaminas y minerales, favorece una alimentaci\u00f3n completa desde los primeros meses. Sin az\u00facares a\u00f1adidos.<\/p>\n","protected":false},"excerpt":{"rendered":"<p>Papilla con 8 cereales, nutritiva y f\u00e1cil de digerir.<\/p>\n","protected":false},"featured_media":248873,"comment_status":"open","ping_status":"closed","template":"","meta":[],"product_brand":[],"product_cat":[143],"product_tag":[],"class_list":{"0":"post-248874","1":"product","2":"type-product","3":"status-publish","4":"has-post-thumbnail","6":"product_cat-papillas-y-comidas-para-bebes","8":"first","9":"instock","10":"shipping-taxable","11":"purchasable","12":"product-type-simple"},"_links":{"self":[{"href":"https:\/\/mentta.fastdelivery.es\/index.php\/wp-json\/wp\/v2\/product\/248874","targetHints":{"allow":["GET"]}}],"collection":[{"href":"https:\/\/mentta.fastdelivery.es\/index.php\/wp-json\/wp\/v2\/product"}],"about":[{"href":"https:\/\/mentta.fastdelivery.es\/index.php\/wp-json\/wp\/v2\/types\/product"}],"replies":[{"embeddable":true,"href":"https:\/\/mentta.fastdelivery.es\/index.php\/wp-json\/wp\/v2\/comments?post=248874"}],"wp:featuredmedia":[{"embeddable":true,"href":"https:\/\/mentta.fastdelivery.es\/index.php\/wp-json\/wp\/v2\/media\/248873"}],"wp:attachment":[{"href":"https:\/\/mentta.fastdelivery.es\/index.php\/wp-json\/wp\/v2\/media?parent=248874"}],"wp:term":[{"taxonomy":"product_brand","embeddable":true,"href":"https:\/\/mentta.fastdelivery.es\/index.php\/wp-json\/wp\/v2\/product_brand?post=248874"},{"taxonomy":"product_cat","embeddable":true,"href":"https:\/\/mentta.fastdelivery.es\/index.php\/wp-json\/wp\/v2\/product_cat?post=248874"},{"taxonomy":"product_tag","embeddable":true,"href":"https:\/\/mentta.fastdelivery.es\/index.php\/wp-json\/wp\/v2\/product_tag?post=248874"}],"curies":[{"name":"wp","href":"https:\/\/api.w.org\/{rel}","templated":true}]}}