{"id":249500,"date":"2025-08-21T12:59:17","date_gmt":"2025-08-21T10:59:17","guid":{"rendered":"https:\/\/mentta.fastdelivery.es\/?post_type=product&#038;p=249500"},"modified":"2026-03-10T17:13:55","modified_gmt":"2026-03-10T16:13:55","slug":"harina-de-trigo-eliges-1kg","status":"publish","type":"product","link":"https:\/\/mentta.fastdelivery.es\/index.php\/producto\/harina-de-trigo-eliges-1kg\/","title":{"rendered":"Harina de Trigo eliges 1kg"},"content":{"rendered":"<p>La Harina de Trigo Eliges 1kg es un producto b\u00e1sico para elaborar panes, postres y otras recetas en casa. Garantiza buen rendimiento y textura en todas tus preparaciones.<\/p>\n<p>\u2705 Harina de trigo de calidad est\u00e1ndar<br \/>\n\u2705 Presentaci\u00f3n en bolsa de 1 kilogramo<br \/>\n\u2705 Ideal para reposter\u00eda y cocina diaria<br \/>\n\u2705 Vers\u00e1til para todo tipo de preparaciones<\/p>\n","protected":false},"excerpt":{"rendered":"<p>Harina de Trigo Eliges 1kg, harina b\u00e1sica para todo tipo de recetas de reposter\u00eda y cocina. Vers\u00e1til y de calidad para preparar panes, bizcochos y m\u00e1s.<\/p>\n","protected":false},"featured_media":249542,"comment_status":"open","ping_status":"closed","template":"","meta":[],"product_brand":[],"product_cat":[142,167],"product_tag":[],"class_list":{"0":"post-249500","1":"product","2":"type-product","3":"status-publish","4":"has-post-thumbnail","6":"product_cat-despensa","7":"product_cat-harinas-y-preparados","9":"first","10":"instock","11":"featured","12":"shipping-taxable","13":"purchasable","14":"product-type-simple"},"_links":{"self":[{"href":"https:\/\/mentta.fastdelivery.es\/index.php\/wp-json\/wp\/v2\/product\/249500","targetHints":{"allow":["GET"]}}],"collection":[{"href":"https:\/\/mentta.fastdelivery.es\/index.php\/wp-json\/wp\/v2\/product"}],"about":[{"href":"https:\/\/mentta.fastdelivery.es\/index.php\/wp-json\/wp\/v2\/types\/product"}],"replies":[{"embeddable":true,"href":"https:\/\/mentta.fastdelivery.es\/index.php\/wp-json\/wp\/v2\/comments?post=249500"}],"wp:featuredmedia":[{"embeddable":true,"href":"https:\/\/mentta.fastdelivery.es\/index.php\/wp-json\/wp\/v2\/media\/249542"}],"wp:attachment":[{"href":"https:\/\/mentta.fastdelivery.es\/index.php\/wp-json\/wp\/v2\/media?parent=249500"}],"wp:term":[{"taxonomy":"product_brand","embeddable":true,"href":"https:\/\/mentta.fastdelivery.es\/index.php\/wp-json\/wp\/v2\/product_brand?post=249500"},{"taxonomy":"product_cat","embeddable":true,"href":"https:\/\/mentta.fastdelivery.es\/index.php\/wp-json\/wp\/v2\/product_cat?post=249500"},{"taxonomy":"product_tag","embeddable":true,"href":"https:\/\/mentta.fastdelivery.es\/index.php\/wp-json\/wp\/v2\/product_tag?post=249500"}],"curies":[{"name":"wp","href":"https:\/\/api.w.org\/{rel}","templated":true}]}}