{"id":249523,"date":"2025-08-21T12:59:37","date_gmt":"2025-08-21T10:59:37","guid":{"rendered":"https:\/\/mentta.fastdelivery.es\/?post_type=product&#038;p=249523"},"modified":"2026-03-10T17:13:55","modified_gmt":"2026-03-10T16:13:55","slug":"melocoton-en-almibar-ligero-eliges-480gr","status":"publish","type":"product","link":"https:\/\/mentta.fastdelivery.es\/index.php\/producto\/melocoton-en-almibar-ligero-eliges-480gr\/","title":{"rendered":"Melocoton en Almibar Ligero Eliges 480gr"},"content":{"rendered":"<p>El Melocot\u00f3n en Alm\u00edbar Ligero Eliges 480g contiene melocotones seleccionados conservados en un alm\u00edbar con menos az\u00facar, ideal para postres saludables y refrescantes.<\/p>\n<p>\u2705 Melocotones en alm\u00edbar ligero<br \/>\n\u2705 Formato de 480 gramos<br \/>\n\u2705 Menos az\u00facar, sabor dulce natural<br \/>\n\u2705 Perfecto para postres y snacks<\/p>\n","protected":false},"excerpt":{"rendered":"<p>Melocot\u00f3n en Alm\u00edbar Ligero Eliges 480g, melocotones naturales conservados en alm\u00edbar con menos az\u00facar para un postre dulce y ligero.<\/p>\n","protected":false},"featured_media":249553,"comment_status":"open","ping_status":"closed","template":"","meta":[],"product_brand":[],"product_cat":[169,142],"product_tag":[],"class_list":{"0":"post-249523","1":"product","2":"type-product","3":"status-publish","4":"has-post-thumbnail","6":"product_cat-conservas-frutas","7":"product_cat-despensa","9":"first","10":"instock","11":"featured","12":"shipping-taxable","13":"purchasable","14":"product-type-simple"},"_links":{"self":[{"href":"https:\/\/mentta.fastdelivery.es\/index.php\/wp-json\/wp\/v2\/product\/249523","targetHints":{"allow":["GET"]}}],"collection":[{"href":"https:\/\/mentta.fastdelivery.es\/index.php\/wp-json\/wp\/v2\/product"}],"about":[{"href":"https:\/\/mentta.fastdelivery.es\/index.php\/wp-json\/wp\/v2\/types\/product"}],"replies":[{"embeddable":true,"href":"https:\/\/mentta.fastdelivery.es\/index.php\/wp-json\/wp\/v2\/comments?post=249523"}],"wp:featuredmedia":[{"embeddable":true,"href":"https:\/\/mentta.fastdelivery.es\/index.php\/wp-json\/wp\/v2\/media\/249553"}],"wp:attachment":[{"href":"https:\/\/mentta.fastdelivery.es\/index.php\/wp-json\/wp\/v2\/media?parent=249523"}],"wp:term":[{"taxonomy":"product_brand","embeddable":true,"href":"https:\/\/mentta.fastdelivery.es\/index.php\/wp-json\/wp\/v2\/product_brand?post=249523"},{"taxonomy":"product_cat","embeddable":true,"href":"https:\/\/mentta.fastdelivery.es\/index.php\/wp-json\/wp\/v2\/product_cat?post=249523"},{"taxonomy":"product_tag","embeddable":true,"href":"https:\/\/mentta.fastdelivery.es\/index.php\/wp-json\/wp\/v2\/product_tag?post=249523"}],"curies":[{"name":"wp","href":"https:\/\/api.w.org\/{rel}","templated":true}]}}