{"id":249572,"date":"2025-08-21T12:59:59","date_gmt":"2025-08-21T10:59:59","guid":{"rendered":"https:\/\/mentta.fastdelivery.es\/?post_type=product&#038;p=249572"},"modified":"2026-03-10T17:13:54","modified_gmt":"2026-03-10T16:13:54","slug":"barritas-datil-y-arandanos-eliges-p-3","status":"publish","type":"product","link":"https:\/\/mentta.fastdelivery.es\/index.php\/producto\/barritas-datil-y-arandanos-eliges-p-3\/","title":{"rendered":"Barritas Datil y Arandanos Eliges p-3"},"content":{"rendered":"<p>Las Barritas de D\u00e1tiles y Ar\u00e1ndanos Eliges p-3 combinan la dulzura natural de los d\u00e1tiles con el sabor \u00e1cido de los ar\u00e1ndanos en un snack saludable y pr\u00e1ctico para llevar, aportando energ\u00eda y fibra.<\/p>\n<p>\u2705 Barritas energ\u00e9ticas con d\u00e1tiles y ar\u00e1ndanos<br \/>\n\u2705 Snack natural y saludable<br \/>\n\u2705 Ideal para llevar y consumir en cualquier momento<br \/>\n\u2705 Fuente de fibra y energ\u00eda<\/p>\n","protected":false},"excerpt":{"rendered":"<p>Barritas de D\u00e1tiles y Ar\u00e1ndanos Eliges p-3, snack natural y energ\u00e9tico con fruta deshidratada para llevar en cualquier momento.<\/p>\n","protected":false},"featured_media":249625,"comment_status":"open","ping_status":"closed","template":"","meta":[],"product_brand":[],"product_cat":[142,161],"product_tag":[],"class_list":{"0":"post-249572","1":"product","2":"type-product","3":"status-publish","4":"has-post-thumbnail","6":"product_cat-despensa","7":"product_cat-snacks","9":"first","10":"instock","11":"featured","12":"shipping-taxable","13":"purchasable","14":"product-type-simple"},"_links":{"self":[{"href":"https:\/\/mentta.fastdelivery.es\/index.php\/wp-json\/wp\/v2\/product\/249572","targetHints":{"allow":["GET"]}}],"collection":[{"href":"https:\/\/mentta.fastdelivery.es\/index.php\/wp-json\/wp\/v2\/product"}],"about":[{"href":"https:\/\/mentta.fastdelivery.es\/index.php\/wp-json\/wp\/v2\/types\/product"}],"replies":[{"embeddable":true,"href":"https:\/\/mentta.fastdelivery.es\/index.php\/wp-json\/wp\/v2\/comments?post=249572"}],"wp:featuredmedia":[{"embeddable":true,"href":"https:\/\/mentta.fastdelivery.es\/index.php\/wp-json\/wp\/v2\/media\/249625"}],"wp:attachment":[{"href":"https:\/\/mentta.fastdelivery.es\/index.php\/wp-json\/wp\/v2\/media?parent=249572"}],"wp:term":[{"taxonomy":"product_brand","embeddable":true,"href":"https:\/\/mentta.fastdelivery.es\/index.php\/wp-json\/wp\/v2\/product_brand?post=249572"},{"taxonomy":"product_cat","embeddable":true,"href":"https:\/\/mentta.fastdelivery.es\/index.php\/wp-json\/wp\/v2\/product_cat?post=249572"},{"taxonomy":"product_tag","embeddable":true,"href":"https:\/\/mentta.fastdelivery.es\/index.php\/wp-json\/wp\/v2\/product_tag?post=249572"}],"curies":[{"name":"wp","href":"https:\/\/api.w.org\/{rel}","templated":true}]}}