{"id":249654,"date":"2025-08-21T13:00:42","date_gmt":"2025-08-21T11:00:42","guid":{"rendered":"https:\/\/mentta.fastdelivery.es\/?post_type=product&#038;p=249654"},"modified":"2026-03-10T17:13:53","modified_gmt":"2026-03-10T16:13:53","slug":"polvo-para-hornear-eliges-90gr","status":"publish","type":"product","link":"https:\/\/mentta.fastdelivery.es\/index.php\/producto\/polvo-para-hornear-eliges-90gr\/","title":{"rendered":"Polvo para Hornear Eliges 90gr"},"content":{"rendered":"<p>El Polvo para Hornear Eliges 90g es un impulsor qu\u00edmico ideal para preparar bizcochos, magdalenas, galletas y m\u00e1s. Aporta esponjosidad y volumen a tus recetas de reposter\u00eda casera.<\/p>\n<p>\u2705 Levadura qu\u00edmica para reposter\u00eda<br \/>\n\u2705 Envase de 90 gramos<br \/>\n\u2705 Aporta volumen y textura esponjosa<br \/>\n\u2705 Ideal para bizcochos y masas dulces<\/p>\n","protected":false},"excerpt":{"rendered":"<p>Polvo para hornear Eliges 90g, levadura qu\u00edmica para reposter\u00eda que asegura esponjosidad y volumen en tus masas.<\/p>\n","protected":false},"featured_media":249684,"comment_status":"open","ping_status":"closed","template":"","meta":[],"product_brand":[],"product_cat":[142,170],"product_tag":[],"class_list":{"0":"post-249654","1":"product","2":"type-product","3":"status-publish","4":"has-post-thumbnail","6":"product_cat-despensa","7":"product_cat-dulces-y-reposteria","9":"first","10":"instock","11":"featured","12":"shipping-taxable","13":"purchasable","14":"product-type-simple"},"_links":{"self":[{"href":"https:\/\/mentta.fastdelivery.es\/index.php\/wp-json\/wp\/v2\/product\/249654","targetHints":{"allow":["GET"]}}],"collection":[{"href":"https:\/\/mentta.fastdelivery.es\/index.php\/wp-json\/wp\/v2\/product"}],"about":[{"href":"https:\/\/mentta.fastdelivery.es\/index.php\/wp-json\/wp\/v2\/types\/product"}],"replies":[{"embeddable":true,"href":"https:\/\/mentta.fastdelivery.es\/index.php\/wp-json\/wp\/v2\/comments?post=249654"}],"wp:featuredmedia":[{"embeddable":true,"href":"https:\/\/mentta.fastdelivery.es\/index.php\/wp-json\/wp\/v2\/media\/249684"}],"wp:attachment":[{"href":"https:\/\/mentta.fastdelivery.es\/index.php\/wp-json\/wp\/v2\/media?parent=249654"}],"wp:term":[{"taxonomy":"product_brand","embeddable":true,"href":"https:\/\/mentta.fastdelivery.es\/index.php\/wp-json\/wp\/v2\/product_brand?post=249654"},{"taxonomy":"product_cat","embeddable":true,"href":"https:\/\/mentta.fastdelivery.es\/index.php\/wp-json\/wp\/v2\/product_cat?post=249654"},{"taxonomy":"product_tag","embeddable":true,"href":"https:\/\/mentta.fastdelivery.es\/index.php\/wp-json\/wp\/v2\/product_tag?post=249654"}],"curies":[{"name":"wp","href":"https:\/\/api.w.org\/{rel}","templated":true}]}}