{"id":249665,"date":"2025-08-21T13:00:42","date_gmt":"2025-08-21T11:00:42","guid":{"rendered":"https:\/\/mentta.fastdelivery.es\/?post_type=product&#038;p=249665"},"modified":"2026-03-10T17:13:53","modified_gmt":"2026-03-10T16:13:53","slug":"cafe-molido-descafeinado-eliges-250gr","status":"publish","type":"product","link":"https:\/\/mentta.fastdelivery.es\/index.php\/producto\/cafe-molido-descafeinado-eliges-250gr\/","title":{"rendered":"Caf\u00e9 Molido Descafeinado Eliges 250gr"},"content":{"rendered":"<p data-start=\"275\" data-end=\"599\"><strong data-start=\"278\" data-end=\"319\">Caf\u00e9 Molido Descafeinado Eliges 250gr<\/strong> es la elecci\u00f3n ideal para quienes desean disfrutar del aut\u00e9ntico sabor del caf\u00e9, sin los efectos de la cafe\u00edna. Perfecto para cualquier momento del d\u00eda, este caf\u00e9 destaca por su aroma equilibrado, sabor suave y textura fina, conservando todas las cualidades del caf\u00e9 tradicional.<\/p>\n<p data-start=\"601\" data-end=\"907\">Gracias a su proceso de descafeinizaci\u00f3n cuidadoso, Eliges ofrece un producto que mantiene el car\u00e1cter del caf\u00e9 tostado sin comprometer el descanso ni alterar el ritmo natural del cuerpo. Adem\u00e1s, su presentaci\u00f3n en envase de 250 gramos es ideal para hogares o para quienes consumen caf\u00e9 de forma ocasional.<\/p>\n<p data-start=\"601\" data-end=\"907\"><strong data-start=\"278\" data-end=\"319\">Caf\u00e9 Molido Descafeinado Eliges<\/strong>\u00a0 disfr\u00fatalo en cafetera italiana, de filtro o prensa francesa. Su versatilidad y calidad lo hacen una opci\u00f3n inteligente para los que buscan una alternativa sin cafe\u00edna sin renunciar al sabor.<\/p>\n<ul>\n<li data-start=\"1131\" data-end=\"1182\">\n<p data-start=\"1133\" data-end=\"1182\"><strong data-start=\"1133\" data-end=\"1144\">Formato<\/strong>: paquete de 250 gramos de caf\u00e9 molido<\/p>\n<\/li>\n<li data-start=\"1183\" data-end=\"1242\">\n<p data-start=\"1185\" data-end=\"1242\"><strong data-start=\"1185\" data-end=\"1193\">Tipo<\/strong>: descafeinado, ideal para cualquier hora del d\u00eda<\/p>\n<\/li>\n<li data-start=\"1243\" data-end=\"1287\">\n<p data-start=\"1245\" data-end=\"1287\"><strong data-start=\"1245\" data-end=\"1254\">Sabor<\/strong>: suave, equilibrado y con cuerpo<\/p>\n<\/li>\n<li data-start=\"1288\" data-end=\"1335\">\n<p data-start=\"1290\" data-end=\"1335\"><strong data-start=\"1290\" data-end=\"1299\">Aroma<\/strong>: natural, sin aditivos artificiales<\/p>\n<\/li>\n<li data-start=\"1336\" data-end=\"1407\">\n<p data-start=\"1338\" data-end=\"1407\"><strong data-start=\"1338\" data-end=\"1357\">Uso recomendado<\/strong>: cafeteras de filtro, italianas o prensa francesa<\/p>\n<\/li>\n<li data-start=\"1408\" data-end=\"1455\">\n<p data-start=\"1410\" data-end=\"1455\"><strong data-start=\"1410\" data-end=\"1419\">Marca<\/strong>: Eliges, calidad a precio accesible<\/p>\n<\/li>\n<li data-start=\"1456\" data-end=\"1507\">\n<p data-start=\"1458\" data-end=\"1507\"><strong data-start=\"1458\" data-end=\"1474\">Conservaci\u00f3n<\/strong>: mantener en lugar fresco y seco<\/p>\n<\/li>\n<\/ul>\n","protected":false},"excerpt":{"rendered":"<p>Caf\u00e9 Molido Descafeinado Eliges 250gr, ideal para disfrutar del sabor del caf\u00e9 sin cafe\u00edna. Sabor suave, formato pr\u00e1ctico y excelente calidad-precio.<\/p>\n","protected":false},"featured_media":249713,"comment_status":"open","ping_status":"closed","template":"","meta":[],"product_brand":[],"product_cat":[152,142],"product_tag":[],"class_list":{"0":"post-249665","1":"product","2":"type-product","3":"status-publish","4":"has-post-thumbnail","6":"product_cat-cafe","7":"product_cat-despensa","9":"first","10":"instock","11":"featured","12":"shipping-taxable","13":"purchasable","14":"product-type-simple"},"_links":{"self":[{"href":"https:\/\/mentta.fastdelivery.es\/index.php\/wp-json\/wp\/v2\/product\/249665","targetHints":{"allow":["GET"]}}],"collection":[{"href":"https:\/\/mentta.fastdelivery.es\/index.php\/wp-json\/wp\/v2\/product"}],"about":[{"href":"https:\/\/mentta.fastdelivery.es\/index.php\/wp-json\/wp\/v2\/types\/product"}],"replies":[{"embeddable":true,"href":"https:\/\/mentta.fastdelivery.es\/index.php\/wp-json\/wp\/v2\/comments?post=249665"}],"wp:featuredmedia":[{"embeddable":true,"href":"https:\/\/mentta.fastdelivery.es\/index.php\/wp-json\/wp\/v2\/media\/249713"}],"wp:attachment":[{"href":"https:\/\/mentta.fastdelivery.es\/index.php\/wp-json\/wp\/v2\/media?parent=249665"}],"wp:term":[{"taxonomy":"product_brand","embeddable":true,"href":"https:\/\/mentta.fastdelivery.es\/index.php\/wp-json\/wp\/v2\/product_brand?post=249665"},{"taxonomy":"product_cat","embeddable":true,"href":"https:\/\/mentta.fastdelivery.es\/index.php\/wp-json\/wp\/v2\/product_cat?post=249665"},{"taxonomy":"product_tag","embeddable":true,"href":"https:\/\/mentta.fastdelivery.es\/index.php\/wp-json\/wp\/v2\/product_tag?post=249665"}],"curies":[{"name":"wp","href":"https:\/\/api.w.org\/{rel}","templated":true}]}}